Last updated on 2023-03-27 03:53:40 CEST.
Flavor | Version | Tinstall | Tcheck | Ttotal | Status | Flags |
---|---|---|---|---|---|---|
r-devel-linux-x86_64-debian-clang | 1.0.20 | 2.25 | 23.89 | 26.14 | NOTE | |
r-devel-linux-x86_64-debian-gcc | 1.0.20 | 1.97 | 18.95 | 20.92 | NOTE | |
r-devel-linux-x86_64-fedora-gcc | 1.0.20 | 33.83 | OK | |||
r-patched-linux-x86_64 | 1.0.20 | 2.20 | 23.29 | 25.49 | NOTE | |
r-release-linux-x86_64 | 1.0.20 | 2.48 | 25.47 | 27.95 | NOTE | |
r-release-macos-arm64 | 1.0.20 | 16.00 | OK | |||
r-release-macos-x86_64 | 1.0.20 | 23.00 | OK | |||
r-release-windows-x86_64 | 1.0.20 | 11.00 | 57.00 | 68.00 | OK | |
r-oldrel-macos-arm64 | 1.0.20 | 13.00 | OK | |||
r-oldrel-macos-x86_64 | 1.0.20 | 23.00 | OK | |||
r-oldrel-windows-ix86+x86_64 | 1.0.20 | 6.00 | 63.00 | 69.00 | OK |
Version: 1.0.20
Check: R code for possible problems
Result: NOTE
Found the following calls to attach():
File ‘doSNOW/R/doSNOW.R’:
attach(exportEnv)
See section ‘Good practice’ in ‘?attach’.
Flavors: r-devel-linux-x86_64-debian-clang, r-devel-linux-x86_64-debian-gcc, r-patched-linux-x86_64, r-release-linux-x86_64