CRAN Package Check Results for Package doMPI

Last updated on 2024-07-17 03:49:21 CEST.

Flavor Version Tinstall Tcheck Ttotal Status Flags
r-devel-linux-x86_64-debian-clang 0.2.2 4.11 38.12 42.23 OK
r-devel-linux-x86_64-debian-gcc 0.2.2 3.10 30.50 33.60 OK
r-devel-linux-x86_64-fedora-clang 0.2.2 62.44 OK
r-devel-linux-x86_64-fedora-gcc 0.2.2 71.94 OK
r-devel-windows-x86_64 0.2.2 4.00 59.00 63.00 OK
r-patched-linux-x86_64 0.2.2 3.21 37.49 40.70 OK
r-release-linux-x86_64 0.2.2 4.24 36.57 40.81 OK
r-release-macos-arm64 0.2.2 5.00 ERROR
r-release-macos-x86_64 0.2.2 7.00 ERROR
r-release-windows-x86_64 0.2.2 4.00 59.00 63.00 OK
r-oldrel-macos-arm64 0.2.2 10.00 ERROR
r-oldrel-macos-x86_64 0.2.2 11.00 ERROR
r-oldrel-windows-x86_64 0.2.2 5.00 56.00 61.00 OK

Check Details

Version: 0.2.2
Check: package dependencies
Result: ERROR Package required but not available: ‘Rmpi’ See section ‘The DESCRIPTION file’ in the ‘Writing R Extensions’ manual. Flavors: r-release-macos-arm64, r-release-macos-x86_64, r-oldrel-macos-arm64, r-oldrel-macos-x86_64