CRAN Package Check Results for Package doMIsaul

Last updated on 2022-01-16 15:48:25 CET.

Flavor Version Tinstall Tcheck Ttotal Status Flags
r-devel-linux-x86_64-debian-clang 1.0.1 13.03 212.92 225.95 NOTE
r-devel-linux-x86_64-debian-gcc 1.0.1 10.71 155.58 166.29 NOTE
r-devel-linux-x86_64-fedora-clang 1.0.1 281.71 NOTE
r-devel-linux-x86_64-fedora-gcc 1.0.1 269.40 NOTE
r-devel-windows-x86_64-new-UL 1.0.1 76.00 228.00 304.00 NOTE
r-devel-windows-x86_64-new-TK 1.0.1 ERROR
r-patched-linux-x86_64 1.0.1 12.67 203.38 216.05 NOTE
r-release-linux-x86_64 1.0.1 NOTE
r-release-macos-arm64 1.0.1 OK
r-release-macos-x86_64 1.0.1 OK
r-release-windows-ix86+x86_64 1.0.1 27.00 244.00 271.00 OK
r-oldrel-macos-x86_64 1.0.1 OK
r-oldrel-windows-ix86+x86_64 1.0.1 27.00 246.00 273.00 OK

Check Details

Version: 1.0.1
Check: package dependencies
Result: NOTE
    Package suggested but not available for checking: 'CPE'
Flavors: r-devel-linux-x86_64-debian-clang, r-devel-linux-x86_64-debian-gcc, r-devel-linux-x86_64-fedora-clang, r-devel-linux-x86_64-fedora-gcc, r-devel-windows-x86_64-new-UL, r-patched-linux-x86_64, r-release-linux-x86_64

Version: 1.0.1
Check: package dependencies
Result: NOTE
    Packages suggested but not available for checking: 'CPE', 'ggpubr'
Flavor: r-devel-windows-x86_64-new-TK

Version: 1.0.1
Check: examples
Result: ERROR
    Running examples in 'doMIsaul-Ex.R' failed
    The error most likely occurred in:
    
    > ### Name: plot_MIpca
    > ### Title: Plot a PCA from a multiply imputed dataset.
    > ### Aliases: plot_MIpca plot_MIpca_all
    >
    > ### ** Examples
    >
    > data(cancer, package = "survival")
    > cancer.imp <- MImpute(cancer[, -c(1:3)], 4)
    > plot_MIpca(cancer.imp, 1:10,
    + pca.varsel = c("age", "sex", "ph.ecog", "meal.cal", "wt.loss"))
    Error in loadNamespace(x) : there is no package called 'ggpubr'
    Calls: plot_MIpca ... loadNamespace -> withRestarts -> withOneRestart -> doWithOneRestart
    Execution halted
Flavor: r-devel-windows-x86_64-new-TK

Version: 1.0.1
Check: tests
Result: ERROR
     Running 'testthat.R'
    Running the tests in 'tests/testthat.R' failed.
    Complete output:
     > library(testthat)
     > library(doMIsaul)
     >
     > test_check("doMIsaul")
     Loading required namespace: mclust
     Package 'mclust' version 5.4.9
     Type 'citation("mclust")' for citing this R package in publications.
     Loading required namespace: CPE
     Failed with error: 'there is no package called 'CPE''
     Loading required namespace: igraph
     Loading required namespace: RColorBrewer
     Loading required namespace: dbscan
     Loading required namespace: cluster
     Loading required namespace: e1071
     ══ Skipped tests ═══════════════════════════════════════════════════════════════
     • empty test (1)
    
     ══ Failed tests ════════════════════════════════════════════════════════════════
     ── Error (test-unsupMI.R:137:3): Plot works ────────────────────────────────────
     <packageNotFoundError/error/condition>
     Error in `loadNamespace(x)`: there is no package called 'ggpubr'
     Backtrace:
     █
     1. ├─testthat::expect_s3_class(...) test-unsupMI.R:137:2
     2. │ └─testthat::quasi_label(enquo(object), arg = "object")
     3. │ └─rlang::eval_bare(expr, quo_get_env(quo))
     4. ├─doMIsaul::plot_MIpca(...)
     5. └─base::loadNamespace(x)
     6. └─base::withRestarts(stop(cond), retry_loadNamespace = function() NULL)
     7. └─base:::withOneRestart(expr, restarts[[1L]])
     8. └─base:::doWithOneRestart(return(expr), restart)
    
     [ FAIL 1 | WARN 1 | SKIP 1 | PASS 56 ]
     Error: Test failures
     Execution halted
Flavor: r-devel-windows-x86_64-new-TK