Last updated on 2025-01-18 04:48:22 CET.
Flavor | Version | Tinstall | Tcheck | Ttotal | Status | Flags |
---|---|---|---|---|---|---|
r-devel-linux-x86_64-debian-clang | 2.4.7 | 7.65 | 103.02 | 110.67 | NOTE | |
r-devel-linux-x86_64-debian-gcc | 2.4.7 | 5.96 | 79.10 | 85.06 | NOTE | |
r-devel-linux-x86_64-fedora-clang | 2.4.7 | 177.44 | OK | |||
r-devel-linux-x86_64-fedora-gcc | 2.4.7 | 183.48 | OK | |||
r-devel-windows-x86_64 | 2.4.7 | 9.00 | 196.00 | 205.00 | NOTE | |
r-patched-linux-x86_64 | 2.4.7 | 8.91 | 96.89 | 105.80 | OK | |
r-release-linux-x86_64 | 2.4.7 | 7.84 | 95.91 | 103.75 | OK | |
r-release-macos-arm64 | 2.4.7 | 66.00 | OK | |||
r-release-macos-x86_64 | 2.4.7 | 160.00 | OK | |||
r-release-windows-x86_64 | 2.4.7 | 10.00 | 194.00 | 204.00 | OK | |
r-oldrel-macos-arm64 | 2.4.7 | 76.00 | OK | |||
r-oldrel-macos-x86_64 | 2.4.7 | 114.00 | OK | |||
r-oldrel-windows-x86_64 | 2.4.7 | 12.00 | 204.00 | 216.00 | OK |
Version: 2.4.7
Check: Rd cross-references
Result: NOTE
Found the following Rd file(s) with Rd \link{} targets missing package
anchors:
cr.Rd: smooth.construct.cr.smooth.spec
ps.Rd: smooth.construct.ps.smooth.spec
smooth.construct.cb.smooth.spec.Rd: smooth.construct.ps.smooth.spec,
smooth.construct.cr.smooth.spec,
smooth.construct.tensor.smooth.spec
Please provide package anchors for all Rd \link{} targets not in the
package itself and the base packages.
Flavors: r-devel-linux-x86_64-debian-clang, r-devel-linux-x86_64-debian-gcc, r-devel-windows-x86_64