CRAN Package Check Results for Package dlib

Last updated on 2022-01-28 15:53:09 CET.

Flavor Version Tinstall Tcheck Ttotal Status Flags
r-devel-linux-x86_64-debian-clang 1.0.3.1 10.99 39.16 50.15 OK
r-devel-linux-x86_64-debian-gcc 1.0.3.1 7.57 30.78 38.35 OK
r-devel-linux-x86_64-fedora-clang 1.0.3.1 63.16 NOTE
r-devel-linux-x86_64-fedora-gcc 1.0.3.1 48.42 OK
r-devel-windows-x86_64-new-UL 1.0.3.1 2401.00 159.00 2560.00 NOTE
r-devel-windows-x86_64-new-TK 1.0.3.1 OK
r-patched-linux-x86_64 1.0.3.1 9.40 37.09 46.49 OK
r-release-linux-x86_64 1.0.3.1 10.97 37.17 48.14 OK
r-release-macos-arm64 1.0.3.1 NOTE
r-release-macos-x86_64 1.0.3.1 NOTE
r-release-windows-ix86+x86_64 1.0.3.1 31.00 67.00 98.00 NOTE
r-oldrel-macos-x86_64 1.0.3.1 NOTE
r-oldrel-windows-ix86+x86_64 1.0.3.1 31.00 77.00 108.00 NOTE

Check Details

Version: 1.0.3.1
Check: installed package size
Result: NOTE
     installed size is 16.6Mb
     sub-directories of 1Mb or more:
     include 16.3Mb
Flavors: r-devel-linux-x86_64-fedora-clang, r-devel-windows-x86_64-new-UL, r-release-macos-arm64, r-release-macos-x86_64, r-release-windows-ix86+x86_64, r-oldrel-macos-x86_64, r-oldrel-windows-ix86+x86_64