Last updated on 2022-05-22 03:51:23 CEST.
Flavor | Version | Tinstall | Tcheck | Ttotal | Status | Flags |
---|---|---|---|---|---|---|
r-devel-linux-x86_64-debian-clang | 2.8.0 | 10.94 | 163.51 | 174.45 | OK | |
r-devel-linux-x86_64-debian-gcc | 2.8.0 | 9.15 | 121.93 | 131.08 | OK | |
r-devel-linux-x86_64-fedora-clang | 2.8.0 | 207.85 | OK | |||
r-devel-linux-x86_64-fedora-gcc | 2.8.0 | 205.75 | OK | |||
r-devel-windows-x86_64 | 2.8.0 | 16.00 | 189.00 | 205.00 | OK | |
r-patched-linux-x86_64 | 2.8.0 | 8.85 | 158.87 | 167.72 | OK | |
r-release-linux-x86_64 | 2.8.0 | 10.22 | 154.08 | 164.30 | OK | |
r-release-macos-arm64 | 2.8.0 | 56.00 | NOTE | |||
r-release-macos-x86_64 | 2.8.0 | 122.00 | OK | |||
r-release-windows-x86_64 | 2.8.0 | 16.00 | 203.00 | 219.00 | OK | |
r-oldrel-macos-arm64 | 2.8.0 | 70.00 | OK | |||
r-oldrel-macos-x86_64 | 2.8.0 | 114.00 | OK | |||
r-oldrel-windows-ix86+x86_64 | 2.8.0 | 24.00 | 192.00 | 216.00 | OK |
Version: 2.8.0
Check: package dependencies
Result: NOTE
Package suggested but not available for checking: ‘Biobase’
Flavor: r-release-macos-arm64