CRAN Package Check Results for Package distcrete

Last updated on 2021-12-03 03:55:28 CET.

Flavor Version Tinstall Tcheck Ttotal Status Flags
r-devel-linux-x86_64-debian-clang 1.0.3 2.06 24.49 26.55 NOTE
r-devel-linux-x86_64-debian-gcc 1.0.3 1.17 19.40 20.57 NOTE
r-devel-linux-x86_64-fedora-clang 1.0.3 44.14 NOTE
r-devel-linux-x86_64-fedora-gcc 1.0.3 33.24 NOTE
r-devel-windows-x86_64-new-UL 1.0.3 6.00 62.00 68.00 NOTE
r-devel-windows-x86_64-new-TK 1.0.3 NOTE
r-devel-windows-x86_64-old 1.0.3 4.00 36.00 40.00 NOTE
r-patched-linux-x86_64 1.0.3 1.65 23.32 24.97 NOTE
r-patched-solaris-x86 1.0.3 48.20 NOTE
r-release-linux-x86_64 1.0.3 1.78 23.37 25.15 NOTE
r-release-macos-arm64 1.0.3 NOTE
r-release-macos-x86_64 1.0.3 NOTE
r-release-windows-ix86+x86_64 1.0.3 6.00 43.00 49.00 NOTE
r-oldrel-macos-x86_64 1.0.3 OK
r-oldrel-windows-ix86+x86_64 1.0.3 6.00 44.00 50.00 OK

Check Details

Version: 1.0.3
Check: LazyData
Result: NOTE
     'LazyData' is specified without a 'data' directory
Flavors: r-devel-linux-x86_64-debian-clang, r-devel-linux-x86_64-debian-gcc, r-devel-linux-x86_64-fedora-clang, r-devel-linux-x86_64-fedora-gcc, r-devel-windows-x86_64-new-UL, r-devel-windows-x86_64-new-TK, r-devel-windows-x86_64-old, r-patched-linux-x86_64, r-patched-solaris-x86, r-release-linux-x86_64, r-release-macos-arm64, r-release-macos-x86_64, r-release-windows-ix86+x86_64