CRAN Package Check Results for Package distTails

Last updated on 2022-01-26 15:52:46 CET.

Flavor Version Tinstall Tcheck Ttotal Status Flags
r-devel-linux-x86_64-debian-clang 0.1.2 2.26 30.02 32.28 NOTE
r-devel-linux-x86_64-debian-gcc 0.1.2 1.44 23.15 24.59 NOTE
r-devel-linux-x86_64-fedora-clang 0.1.2 39.10 NOTE
r-devel-linux-x86_64-fedora-gcc 0.1.2 28.35 NOTE
r-devel-windows-x86_64-new-UL 0.1.2 30.00 47.00 77.00 NOTE
r-devel-windows-x86_64-new-TK 0.1.2 NOTE
r-patched-linux-x86_64 0.1.2 2.24 28.46 30.70 NOTE
r-release-linux-x86_64 0.1.2 2.22 28.69 30.91 NOTE
r-release-macos-arm64 0.1.2 NOTE
r-release-macos-x86_64 0.1.2 NOTE
r-release-windows-ix86+x86_64 0.1.2 5.00 39.00 44.00 NOTE
r-oldrel-macos-x86_64 0.1.2 OK
r-oldrel-windows-ix86+x86_64 0.1.2 5.00 40.00 45.00 OK

Check Details

Version: 0.1.2
Check: LazyData
Result: NOTE
     'LazyData' is specified without a 'data' directory
Flavors: r-devel-linux-x86_64-debian-clang, r-devel-linux-x86_64-debian-gcc, r-devel-linux-x86_64-fedora-clang, r-devel-linux-x86_64-fedora-gcc, r-devel-windows-x86_64-new-UL, r-devel-windows-x86_64-new-TK, r-patched-linux-x86_64, r-release-linux-x86_64, r-release-macos-arm64, r-release-macos-x86_64, r-release-windows-ix86+x86_64