CRAN Package Check Results for Package disprose

Last updated on 2024-07-15 03:49:25 CEST.

Flavor Version Tinstall Tcheck Ttotal Status Flags
r-devel-linux-x86_64-debian-clang 0.1.6 4.81 55.85 60.66 NOTE
r-devel-linux-x86_64-debian-gcc 0.1.6 4.38 40.67 45.05 NOTE
r-devel-linux-x86_64-fedora-clang 0.1.6 80.04 NOTE
r-devel-linux-x86_64-fedora-gcc 0.1.6 69.72 NOTE
r-devel-windows-x86_64 0.1.6 5.00 73.00 78.00 NOTE
r-patched-linux-x86_64 0.1.6 5.40 52.16 57.56 NOTE
r-release-linux-x86_64 0.1.6 4.03 51.61 55.64 NOTE
r-release-macos-arm64 0.1.6 31.00 NOTE
r-release-macos-x86_64 0.1.6 45.00 NOTE
r-release-windows-x86_64 0.1.6 7.00 72.00 79.00 NOTE
r-oldrel-macos-arm64 0.1.6 34.00 OK
r-oldrel-macos-x86_64 0.1.6 47.00 OK
r-oldrel-windows-x86_64 0.1.6 5.00 82.00 87.00 OK

Check Details

Version: 0.1.6
Check: Rd files
Result: NOTE checkRd: (-1) store_in_DB.Rd:89: Lost braces 89 | link{read_from_DB} function. Those parameters define rows and columns that will be returned. | ^ checkRd: (-1) unite_two_DF.Rd:46: Lost braces; missing escapes or markup? 46 | \code{data1.shared.var} and {data2.shared.var} must contain unique values within its own data frame. | ^ Flavors: r-devel-linux-x86_64-debian-clang, r-devel-linux-x86_64-debian-gcc, r-devel-linux-x86_64-fedora-clang, r-devel-linux-x86_64-fedora-gcc, r-devel-windows-x86_64, r-patched-linux-x86_64, r-release-linux-x86_64, r-release-macos-arm64, r-release-macos-x86_64, r-release-windows-x86_64