Last updated on 2023-02-08 04:06:59 CET.
Flavor | Version | Tinstall | Tcheck | Ttotal | Status | Flags |
---|---|---|---|---|---|---|
r-devel-linux-x86_64-debian-clang | 1.3-9 | 65.42 | 345.94 | 411.36 | OK | |
r-devel-linux-x86_64-debian-gcc | 1.3-9 | 46.71 | 252.01 | 298.72 | OK | |
r-devel-linux-x86_64-fedora-clang | 1.3-9 | 547.54 | NOTE | |||
r-devel-linux-x86_64-fedora-gcc | 1.3-9 | 496.59 | NOTE | |||
r-devel-windows-x86_64 | 1.3-9 | 96.00 | 249.00 | 345.00 | OK | --no-vignettes |
r-patched-linux-x86_64 | 1.3-9 | 56.16 | 335.95 | 392.11 | OK | |
r-release-linux-x86_64 | 1.3-9 | 51.57 | 335.55 | 387.12 | OK | |
r-release-macos-arm64 | 1.3-9 | 114.00 | NOTE | |||
r-release-macos-x86_64 | 1.3-9 | 148.00 | NOTE | |||
r-release-windows-x86_64 | 1.3-9 | 92.00 | 369.00 | 461.00 | OK | --no-vignettes |
r-oldrel-macos-arm64 | 1.3-9 | 100.00 | NOTE | |||
r-oldrel-macos-x86_64 | 1.3-9 | 146.00 | NOTE | |||
r-oldrel-windows-ix86+x86_64 | 1.3-9 | 126.00 | 472.00 | 598.00 | OK | --no-vignettes |
Version: 1.3-9
Check: data for non-ASCII characters
Result: NOTE
Note: found 106 marked UTF-8 strings
Flavors: r-devel-linux-x86_64-fedora-clang, r-devel-linux-x86_64-fedora-gcc, r-release-macos-arm64, r-release-macos-x86_64, r-oldrel-macos-arm64, r-oldrel-macos-x86_64