CRAN Package Check Results for Package disdat

Last updated on 2022-09-27 03:55:50 CEST.

Flavor Version Tinstall Tcheck Ttotal Status Flags
r-devel-linux-x86_64-debian-clang 1.0-0 2.61 60.17 62.78 OK
r-devel-linux-x86_64-debian-gcc 1.0-0 2.09 45.71 47.80 OK
r-devel-linux-x86_64-fedora-clang 1.0-0 89.01 NOTE
r-devel-linux-x86_64-fedora-gcc 1.0-0 84.21 OK
r-devel-windows-x86_64 1.0-0 27.00 93.00 120.00 NOTE
r-patched-linux-x86_64 1.0-0 2.58 57.07 59.65 OK
r-release-linux-x86_64 1.0-0 2.88 56.35 59.23 OK
r-release-macos-arm64 1.0-0 25.00 NOTE
r-release-macos-x86_64 1.0-0 38.00 NOTE
r-release-windows-x86_64 1.0-0 26.00 93.00 119.00 NOTE
r-oldrel-macos-arm64 1.0-0 29.00 NOTE
r-oldrel-macos-x86_64 1.0-0 49.00 NOTE
r-oldrel-windows-ix86+x86_64 1.0-0 6.00 88.00 94.00 NOTE

Check Details

Version: 1.0-0
Check: installed package size
Result: NOTE
     installed size is 5.7Mb
     sub-directories of 1Mb or more:
     extdata 4.3Mb
Flavors: r-devel-linux-x86_64-fedora-clang, r-devel-windows-x86_64, r-release-macos-arm64, r-release-macos-x86_64, r-release-windows-x86_64, r-oldrel-macos-arm64, r-oldrel-macos-x86_64, r-oldrel-windows-ix86+x86_64