CRAN Package Check Results for Package discoverableresearch

Last updated on 2021-10-17 03:52:00 CEST.

Flavor Version Tinstall Tcheck Ttotal Status Flags
r-devel-linux-x86_64-debian-clang 0.0.1 2.92 44.92 47.84 OK
r-devel-linux-x86_64-debian-gcc 0.0.1 2.23 34.62 36.85 OK
r-devel-linux-x86_64-fedora-clang 0.0.1 69.99 NOTE
r-devel-linux-x86_64-fedora-gcc 0.0.1 56.93 NOTE
r-devel-windows-x86_64 0.0.1 6.00 76.00 82.00 OK
r-devel-windows-x86_64-gcc10-UCRT 0.0.1 NOTE
r-patched-linux-x86_64 0.0.1 2.93 44.05 46.98 OK
r-patched-solaris-x86 0.0.1 85.10 NOTE
r-release-linux-x86_64 0.0.1 2.24 43.68 45.92 OK
r-release-macos-arm64 0.0.1 NOTE
r-release-macos-x86_64 0.0.1 NOTE
r-release-windows-ix86+x86_64 0.0.1 13.00 72.00 85.00 OK
r-oldrel-macos-x86_64 0.0.1 NOTE
r-oldrel-windows-ix86+x86_64 0.0.1 7.00 72.00 79.00 OK

Check Details

Version: 0.0.1
Check: dependencies in R code
Result: NOTE
    Namespaces in Imports field not imported from:
     ‘dplyr’ ‘readr’
     All declared Imports should be used.
Flavors: r-devel-linux-x86_64-fedora-clang, r-devel-linux-x86_64-fedora-gcc, r-devel-windows-x86_64-gcc10-UCRT, r-patched-solaris-x86, r-release-macos-arm64, r-release-macos-x86_64, r-oldrel-macos-x86_64