CRAN Package Check Results for Package discgolf

Last updated on 2021-12-06 15:52:05 CET.

Flavor Version Tinstall Tcheck Ttotal Status Flags
r-devel-linux-x86_64-debian-clang 0.2.0 2.72 33.98 36.70 NOTE
r-devel-linux-x86_64-debian-gcc 0.2.0 1.69 27.18 28.87 NOTE
r-devel-linux-x86_64-fedora-clang 0.2.0 46.57 NOTE
r-devel-linux-x86_64-fedora-gcc 0.2.0 35.34 NOTE
r-devel-windows-x86_64-new-UL 0.2.0 8.00 63.00 71.00 NOTE
r-devel-windows-x86_64-new-TK 0.2.0 NOTE
r-devel-windows-x86_64-old 0.2.0 5.00 35.00 40.00 NOTE
r-patched-linux-x86_64 0.2.0 2.86 25.32 28.18 NOTE
r-release-linux-x86_64 0.2.0 2.39 33.16 35.55 NOTE
r-release-macos-arm64 0.2.0 NOTE
r-release-macos-x86_64 0.2.0 NOTE
r-release-windows-ix86+x86_64 0.2.0 6.00 44.00 50.00 NOTE
r-oldrel-macos-x86_64 0.2.0 OK
r-oldrel-windows-ix86+x86_64 0.2.0 6.00 45.00 51.00 OK

Check Details

Version: 0.2.0
Check: LazyData
Result: NOTE
     'LazyData' is specified without a 'data' directory
Flavors: r-devel-linux-x86_64-debian-clang, r-devel-linux-x86_64-debian-gcc, r-devel-linux-x86_64-fedora-clang, r-devel-linux-x86_64-fedora-gcc, r-devel-windows-x86_64-new-UL, r-devel-windows-x86_64-new-TK, r-devel-windows-x86_64-old, r-patched-linux-x86_64, r-release-linux-x86_64, r-release-macos-arm64, r-release-macos-x86_64, r-release-windows-ix86+x86_64