CRAN Package Check Results for Package dimRed

Last updated on 2024-06-15 04:48:41 CEST.

Flavor Version Tinstall Tcheck Ttotal Status Flags
r-devel-linux-x86_64-debian-clang 0.2.6 25.73 278.01 303.74 NOTE
r-devel-linux-x86_64-debian-gcc 0.2.6 16.97 206.02 222.99 NOTE
r-devel-linux-x86_64-fedora-clang 0.2.6 364.21 NOTE
r-devel-linux-x86_64-fedora-gcc 0.2.6 364.35 NOTE
r-devel-windows-x86_64 0.2.6 19.00 240.00 259.00 NOTE
r-patched-linux-x86_64 0.2.6 22.59 265.69 288.28 NOTE
r-release-linux-x86_64 0.2.6 22.23 264.64 286.87 NOTE
r-release-macos-arm64 0.2.6 100.00 NOTE
r-release-macos-x86_64 0.2.6 149.00 NOTE
r-release-windows-x86_64 0.2.6 19.00 253.00 272.00 NOTE
r-oldrel-macos-arm64 0.2.6 114.00 OK
r-oldrel-macos-x86_64 0.2.6 207.00 OK
r-oldrel-windows-x86_64 0.2.6 25.00 307.00 332.00 OK

Check Details

Version: 0.2.6
Check: package dependencies
Result: NOTE Package suggested but not available for checking: ‘loe’ Flavors: r-devel-linux-x86_64-debian-clang, r-devel-linux-x86_64-debian-gcc, r-devel-linux-x86_64-fedora-clang, r-devel-linux-x86_64-fedora-gcc, r-patched-linux-x86_64, r-release-linux-x86_64

Version: 0.2.6
Check: Rd files
Result: NOTE checkRd: (-1) DRR-class.Rd:79: Lost braces; missing escapes or markup? 79 | n^{1/3} up to sacrificing some accuracy, for details see | ^ Flavors: r-devel-linux-x86_64-debian-clang, r-devel-linux-x86_64-debian-gcc, r-devel-linux-x86_64-fedora-clang, r-devel-linux-x86_64-fedora-gcc, r-devel-windows-x86_64, r-patched-linux-x86_64, r-release-linux-x86_64, r-release-macos-arm64, r-release-macos-x86_64, r-release-windows-x86_64

Version: 0.2.6
Check: Rd cross-references
Result: NOTE Unknown package ‘loe’ in Rd xrefs Flavors: r-devel-linux-x86_64-debian-clang, r-devel-linux-x86_64-debian-gcc, r-devel-linux-x86_64-fedora-gcc, r-patched-linux-x86_64, r-release-linux-x86_64

Version: 0.2.6
Check: Rd cross-references
Result: NOTE Undeclared package ‘CVST’ in Rd xrefs Unknown package ‘loe’ in Rd xrefs Flavor: r-devel-linux-x86_64-fedora-clang

Version: 0.2.6
Check: Rd cross-references
Result: NOTE Package unavailable to check Rd xrefs: ‘diffusionMap’ Flavor: r-release-macos-arm64