CRAN Package Check Results for Package diffr

Last updated on 2022-07-05 15:52:43 CEST.

Flavor Version Tinstall Tcheck Ttotal Status Flags
r-devel-linux-x86_64-debian-clang 0.1 1.88 27.33 29.21 NOTE
r-devel-linux-x86_64-debian-gcc 0.1 2.07 21.82 23.89 NOTE
r-devel-linux-x86_64-fedora-clang 0.1 48.06 NOTE
r-devel-linux-x86_64-fedora-gcc 0.1 46.60 NOTE
r-devel-windows-x86_64 0.1 12.00 59.00 71.00 NOTE
r-patched-linux-x86_64 0.1 4.72 27.48 32.20 NOTE
r-release-linux-x86_64 0.1 1.64 27.45 29.09 NOTE
r-release-macos-arm64 0.1 17.00 NOTE
r-release-macos-x86_64 0.1 24.00 NOTE
r-release-windows-x86_64 0.1 11.00 58.00 69.00 NOTE
r-oldrel-macos-arm64 0.1 21.00 NOTE
r-oldrel-macos-x86_64 0.1 29.00 NOTE
r-oldrel-windows-ix86+x86_64 0.1 8.00 46.00 54.00 NOTE

Check Details

Version: 0.1
Check: LazyData
Result: NOTE
     'LazyData' is specified without a 'data' directory
Flavors: r-devel-linux-x86_64-debian-clang, r-devel-linux-x86_64-debian-gcc, r-devel-linux-x86_64-fedora-clang, r-devel-linux-x86_64-fedora-gcc, r-devel-windows-x86_64, r-patched-linux-x86_64, r-release-linux-x86_64, r-release-macos-arm64, r-release-macos-x86_64, r-release-windows-x86_64, r-oldrel-macos-arm64, r-oldrel-macos-x86_64, r-oldrel-windows-ix86+x86_64