CRAN Package Check Results for Package diagis

Last updated on 2021-10-26 15:51:08 CEST.

Flavor Version Tinstall Tcheck Ttotal Status Flags
r-devel-linux-x86_64-debian-clang 0.1.5 50.86 69.83 120.69 OK
r-devel-linux-x86_64-debian-gcc 0.1.5 41.90 52.98 94.88 OK
r-devel-linux-x86_64-fedora-clang 0.1.5 186.27 OK
r-devel-linux-x86_64-fedora-gcc 0.1.5 162.31 OK
r-devel-windows-x86_64 0.1.5 78.00 108.00 186.00 OK
r-devel-windows-x86_64-gcc10-UCRT 0.1.5 OK
r-patched-linux-x86_64 0.1.5 49.61 64.75 114.36 OK
r-patched-solaris-x86 0.1.5 168.90 OK
r-release-linux-x86_64 0.1.5 49.27 65.51 114.78 OK
r-release-macos-arm64 0.1.5 NOTE
r-release-macos-x86_64 0.1.5 OK
r-release-windows-ix86+x86_64 0.1.5 116.00 139.00 255.00 OK
r-oldrel-macos-x86_64 0.1.5 OK
r-oldrel-windows-ix86+x86_64 0.1.5 153.00 135.00 288.00 OK

Check Details

Version: 0.1.5
Check: installed package size
Result: NOTE
     installed size is 5.0Mb
     sub-directories of 1Mb or more:
     doc 2.2Mb
     libs 2.7Mb
Flavor: r-release-macos-arm64