CRAN Package Check Results for Package diagL1

Last updated on 2024-07-14 15:54:46 CEST.

Flavor Version Tinstall Tcheck Ttotal Status Flags
r-devel-linux-x86_64-debian-clang 1.0.0 13.23 103.39 116.62 OK
r-devel-linux-x86_64-debian-gcc 1.0.0 10.01 76.47 86.48 OK
r-devel-linux-x86_64-fedora-clang 1.0.0 142.99 OK
r-devel-linux-x86_64-fedora-gcc 1.0.0 133.15 OK
r-devel-windows-x86_64 1.0.0 13.00 100.00 113.00 NOTE
r-patched-linux-x86_64 1.0.0 14.56 98.34 112.90 OK
r-release-linux-x86_64 1.0.0 14.43 97.64 112.07 OK
r-release-macos-arm64 1.0.0 40.00 OK
r-release-macos-x86_64 1.0.0 63.00 OK
r-release-windows-x86_64 1.0.0 12.00 101.00 113.00 OK
r-oldrel-macos-arm64 1.0.0 50.00 OK
r-oldrel-macos-x86_64 1.0.0 92.00 OK
r-oldrel-windows-x86_64 1.0.0 16.00 118.00 134.00 OK

Check Details

Version: 1.0.0
Check: Rd cross-references
Result: NOTE Found the following Rd file(s) with Rd \link{} targets missing package anchors: class_to_regL1.Rd: rq class_to_rq.Rd: rq forwardSearch_regL1.Rd: lmsreg, rq, rq.fit.br, rq.fit.fnb regL1.Rd: rq, rq.fit.br, rq.fit.fnb regL1_het.Rd: rq, rq.fit.br, rq.fit.fnb summary.regL1.Rd: summary.rq, boot.rq Please provide package anchors for all Rd \link{} targets not in the package itself and the base packages. Flavor: r-devel-windows-x86_64