CRAN Package Check Results for Package dfpk

Last updated on 2021-11-29 03:53:04 CET.

Flavor Version Tinstall Tcheck Ttotal Status Flags
r-devel-linux-x86_64-debian-clang 3.5.1 NOTE
r-devel-linux-x86_64-debian-gcc 3.5.1 164.70 93.43 258.13 NOTE
r-devel-linux-x86_64-fedora-clang 3.5.1 473.02 NOTE
r-devel-linux-x86_64-fedora-gcc 3.5.1 477.03 NOTE
r-devel-windows-x86_64-new-UL 3.5.1 232.00 228.00 460.00 NOTE
r-devel-windows-x86_64-new-TK 3.5.1 NOTE
r-devel-windows-x86_64-old 3.5.1 196.00 204.00 400.00 NOTE
r-patched-linux-x86_64 3.5.1 155.77 117.38 273.15 NOTE
r-patched-solaris-x86 3.5.1 480.30 NOTE
r-release-linux-x86_64 3.5.1 216.53 118.15 334.68 NOTE
r-release-macos-arm64 3.5.1 NOTE
r-release-macos-x86_64 3.5.1 NOTE
r-release-windows-ix86+x86_64 3.5.1 432.00 193.00 625.00 NOTE
r-oldrel-macos-x86_64 3.5.1 NOTE
r-oldrel-windows-ix86+x86_64 3.5.1 376.00 246.00 622.00 NOTE

Check Details

Version: 3.5.1
Check: for GNU extensions in Makefiles
Result: NOTE
    GNU make is a SystemRequirements.
Flavors: r-devel-linux-x86_64-debian-clang, r-devel-linux-x86_64-debian-gcc, r-devel-linux-x86_64-fedora-clang, r-devel-linux-x86_64-fedora-gcc, r-devel-windows-x86_64-new-UL, r-devel-windows-x86_64-new-TK, r-devel-windows-x86_64-old, r-patched-linux-x86_64, r-patched-solaris-x86, r-release-linux-x86_64, r-release-macos-arm64, r-release-macos-x86_64, r-release-windows-ix86+x86_64, r-oldrel-macos-x86_64, r-oldrel-windows-ix86+x86_64

Version: 3.5.1
Check: installed package size
Result: NOTE
     installed size is 43.4Mb
     sub-directories of 1Mb or more:
     libs 42.7Mb
Flavors: r-devel-linux-x86_64-fedora-clang, r-release-macos-arm64, r-release-macos-x86_64, r-release-windows-ix86+x86_64, r-oldrel-macos-x86_64, r-oldrel-windows-ix86+x86_64