CRAN Package Check Results for Package dfoliatR

Last updated on 2021-06-17 04:56:08 CEST.

Flavor Version Tinstall Tcheck Ttotal Status Flags
r-devel-linux-x86_64-debian-clang 0.2.0 5.75 80.40 86.15 OK
r-devel-linux-x86_64-debian-gcc 0.2.0 4.56 59.64 64.20 OK
r-devel-linux-x86_64-fedora-clang 0.2.0 112.11 NOTE
r-devel-linux-x86_64-fedora-gcc 0.2.0 98.98 NOTE
r-devel-windows-x86_64 0.2.0 11.00 107.00 118.00 OK
r-devel-windows-x86_64-gcc10-UCRT 0.2.0 ERROR
r-patched-linux-x86_64 0.2.0 6.18 74.79 80.97 OK
r-patched-solaris-x86 0.2.0 141.70 NOTE
r-release-linux-x86_64 0.2.0 6.00 75.61 81.61 OK
r-release-macos-arm64 0.2.0 NOTE
r-release-macos-x86_64 0.2.0 NOTE
r-release-windows-ix86+x86_64 0.2.0 15.00 109.00 124.00 OK
r-oldrel-macos-x86_64 0.2.0 NOTE
r-oldrel-windows-ix86+x86_64 0.2.0 12.00 114.00 126.00 OK

Check Details

Version: 0.2.0
Check: dependencies in R code
Result: NOTE
    Namespaces in Imports field not imported from:
     ‘MASS’ ‘plyr’
     All declared Imports should be used.
Flavors: r-devel-linux-x86_64-fedora-clang, r-devel-linux-x86_64-fedora-gcc, r-devel-windows-x86_64-gcc10-UCRT, r-patched-solaris-x86, r-release-macos-arm64, r-release-macos-x86_64, r-oldrel-macos-x86_64

Version: 0.2.0
Check: package dependencies
Result: NOTE
    Package suggested but not available for checking: 'vdiffr'
Flavor: r-devel-windows-x86_64-gcc10-UCRT

Version: 0.2.0
Check: tests
Result: ERROR
     Running 'testthat.R'
    Running the tests in 'tests/testthat.R' failed.
    Last 13 lines of output:
     2. \-base::withRestarts(stop(cond), retry_loadNamespace = function() NULL)
     3. \-base:::withOneRestart(expr, restarts[[1L]])
     4. \-base:::doWithOneRestart(return(expr), restart)
     -- Error (test-plots.R:15:3): outbreak plot is stable --------------------------
     Error: there is no package called 'vdiffr'
     Backtrace:
     x
     1. \-base::loadNamespace(x) test-plots.R:15:2
     2. \-base::withRestarts(stop(cond), retry_loadNamespace = function() NULL)
     3. \-base:::withOneRestart(expr, restarts[[1L]])
     4. \-base:::doWithOneRestart(return(expr), restart)
    
     [ FAIL 3 | WARN 0 | SKIP 0 | PASS 11 ]
     Error: Test failures
     Execution halted
Flavor: r-devel-windows-x86_64-gcc10-UCRT