CRAN Package Check Results for Package dfoliatR

Last updated on 2021-11-28 03:54:04 CET.

Flavor Version Tinstall Tcheck Ttotal Status Flags
r-devel-linux-x86_64-debian-clang 0.2.0 OK
r-devel-linux-x86_64-debian-gcc 0.2.0 4.79 60.18 64.97 OK
r-devel-linux-x86_64-fedora-clang 0.2.0 117.71 NOTE
r-devel-linux-x86_64-fedora-gcc 0.2.0 100.71 NOTE
r-devel-windows-x86_64-new-UL 0.2.0 18.00 125.00 143.00 OK
r-devel-windows-x86_64-new-TK 0.2.0 NOTE
r-devel-windows-x86_64-old 0.2.0 10.00 97.00 107.00 OK
r-patched-linux-x86_64 0.2.0 6.23 72.95 79.18 OK
r-patched-solaris-x86 0.2.0 129.60 NOTE
r-release-linux-x86_64 0.2.0 OK
r-release-macos-arm64 0.2.0 NOTE
r-release-macos-x86_64 0.2.0 NOTE
r-release-windows-ix86+x86_64 0.2.0 16.00 85.00 101.00 OK
r-oldrel-macos-x86_64 0.2.0 NOTE
r-oldrel-windows-ix86+x86_64 0.2.0 16.00 105.00 121.00 OK

Check Details

Version: 0.2.0
Check: dependencies in R code
Result: NOTE
    Namespaces in Imports field not imported from:
     ‘MASS’ ‘plyr’
     All declared Imports should be used.
Flavors: r-devel-linux-x86_64-fedora-clang, r-devel-linux-x86_64-fedora-gcc, r-devel-windows-x86_64-new-TK, r-patched-solaris-x86, r-release-macos-arm64, r-release-macos-x86_64, r-oldrel-macos-x86_64