CRAN Package Check Results for Package dexterMST

Last updated on 2021-10-17 15:48:55 CEST.

Flavor Version Tinstall Tcheck Ttotal Status Flags
r-devel-linux-x86_64-debian-clang 0.9.2 55.57 152.46 208.03 OK
r-devel-linux-x86_64-debian-gcc 0.9.2 42.39 111.64 154.03 OK
r-devel-linux-x86_64-fedora-clang 0.9.2 279.41 OK
r-devel-linux-x86_64-fedora-gcc 0.9.2 261.54 OK
r-devel-windows-x86_64 0.9.2 76.00 195.00 271.00 OK
r-devel-windows-x86_64-gcc10-UCRT 0.9.2 OK
r-patched-linux-x86_64 0.9.2 58.85 143.39 202.24 OK
r-patched-solaris-x86 0.9.2 451.60 OK
r-release-linux-x86_64 0.9.2 54.76 143.50 198.26 OK
r-release-macos-arm64 0.9.2 NOTE
r-release-macos-x86_64 0.9.2 OK
r-release-windows-ix86+x86_64 0.9.2 137.00 258.00 395.00 OK
r-oldrel-macos-x86_64 0.9.2 OK
r-oldrel-windows-ix86+x86_64 0.9.2 139.00 268.00 407.00 OK

Check Details

Version: 0.9.2
Check: installed package size
Result: NOTE
     installed size is 5.5Mb
     sub-directories of 1Mb or more:
     libs 4.9Mb
Flavor: r-release-macos-arm64