CRAN Package Check Results for Package dexter

Last updated on 2021-10-22 03:55:20 CEST.

Flavor Version Tinstall Tcheck Ttotal Status Flags
r-devel-linux-x86_64-debian-clang 1.1.3 100.92 194.06 294.98 OK
r-devel-linux-x86_64-debian-gcc 1.1.3 76.95 132.30 209.25 OK
r-devel-linux-x86_64-fedora-clang 1.1.3 385.94 NOTE
r-devel-linux-x86_64-fedora-gcc 1.1.3 349.72 OK
r-devel-windows-x86_64 1.1.3 138.00 227.00 365.00 OK
r-devel-windows-x86_64-gcc10-UCRT 1.1.3 OK
r-patched-linux-x86_64 1.1.3 87.14 179.17 266.31 OK
r-patched-solaris-x86 1.1.3 944.70 OK
r-release-linux-x86_64 1.1.3 78.09 178.91 257.00 OK
r-release-macos-arm64 1.1.3 NOTE
r-release-macos-x86_64 1.1.3 NOTE
r-release-windows-ix86+x86_64 1.1.3 219.00 282.00 501.00 NOTE
r-oldrel-macos-x86_64 1.1.3 NOTE
r-oldrel-windows-ix86+x86_64 1.1.3 247.00 295.00 542.00 NOTE

Check Details

Version: 1.1.3
Check: installed package size
Result: NOTE
     installed size is 7.7Mb
     sub-directories of 1Mb or more:
     doc 1.1Mb
     libs 5.8Mb
Flavors: r-devel-linux-x86_64-fedora-clang, r-release-macos-arm64, r-release-macos-x86_64, r-release-windows-ix86+x86_64, r-oldrel-macos-x86_64, r-oldrel-windows-ix86+x86_64