CRAN Package Check Results for Package detzrcr

Last updated on 2024-07-20 15:48:41 CEST.

Flavor Version Tinstall Tcheck Ttotal Status Flags
r-devel-linux-x86_64-debian-clang 0.3.1 3.97 36.25 40.22 NOTE
r-devel-linux-x86_64-debian-gcc 0.3.1 2.84 27.48 30.32 NOTE
r-devel-linux-x86_64-fedora-clang 0.3.1 51.95 NOTE
r-devel-linux-x86_64-fedora-gcc 0.3.1 61.20 NOTE
r-devel-windows-x86_64 0.3.1 7.00 56.00 63.00 NOTE
r-patched-linux-x86_64 0.3.1 4.89 34.16 39.05 NOTE
r-release-linux-x86_64 0.3.1 4.31 35.08 39.39 NOTE
r-release-macos-arm64 0.3.1 26.00 NOTE
r-release-macos-x86_64 0.3.1 49.00 NOTE
r-release-windows-x86_64 0.3.1 5.00 56.00 61.00 NOTE
r-oldrel-macos-arm64 0.3.1 27.00 NOTE
r-oldrel-macos-x86_64 0.3.1 38.00 NOTE
r-oldrel-windows-x86_64 0.3.1 6.00 57.00 63.00 NOTE

Check Details

Version: 0.3.1
Check: LazyData
Result: NOTE 'LazyData' is specified without a 'data' directory Flavors: r-devel-linux-x86_64-debian-clang, r-devel-linux-x86_64-debian-gcc, r-devel-linux-x86_64-fedora-clang, r-devel-linux-x86_64-fedora-gcc, r-devel-windows-x86_64, r-patched-linux-x86_64, r-release-linux-x86_64, r-release-macos-arm64, r-release-macos-x86_64, r-release-windows-x86_64, r-oldrel-macos-arm64, r-oldrel-macos-x86_64, r-oldrel-windows-x86_64

Version: 0.3.1
Check: dependencies in R code
Result: NOTE Namespaces in Imports field not imported from: ‘DT’ ‘utils’ All declared Imports should be used. Flavors: r-devel-linux-x86_64-fedora-clang, r-devel-linux-x86_64-fedora-gcc