CRAN Package Check Results for Package detourr

Last updated on 2023-01-31 04:06:16 CET.

Flavor Version Tinstall Tcheck Ttotal Status Flags
r-devel-linux-x86_64-debian-clang 0.1.0 6.65 51.07 57.72 OK
r-devel-linux-x86_64-debian-gcc 0.1.0 5.53 38.76 44.29 OK
r-devel-linux-x86_64-fedora-clang 0.1.0 70.42 NOTE
r-devel-linux-x86_64-fedora-gcc 0.1.0 68.45 OK
r-devel-windows-x86_64 0.1.0 31.00 97.00 128.00 NOTE
r-patched-linux-x86_64 0.1.0 6.24 49.66 55.90 OK
r-release-linux-x86_64 0.1.0 6.86 48.90 55.76 OK
r-release-macos-arm64 0.1.0 29.00 NOTE
r-release-macos-x86_64 0.1.0 38.00 NOTE
r-release-windows-x86_64 0.1.0 58.00 87.00 145.00 NOTE
r-oldrel-macos-arm64 0.1.0 27.00 NOTE
r-oldrel-macos-x86_64 0.1.0 37.00 NOTE
r-oldrel-windows-ix86+x86_64 0.1.0 16.00 75.00 91.00 NOTE

Check Details

Version: 0.1.0
Check: installed package size
Result: NOTE
     installed size is 5.7Mb
     sub-directories of 1Mb or more:
     data 1.8Mb
     htmlwidgets 3.7Mb
Flavors: r-devel-linux-x86_64-fedora-clang, r-devel-windows-x86_64, r-release-macos-arm64, r-release-macos-x86_64, r-release-windows-x86_64, r-oldrel-macos-arm64, r-oldrel-macos-x86_64, r-oldrel-windows-ix86+x86_64