Last updated on 2022-08-12 03:53:24 CEST.
Flavor | Version | Tinstall | Tcheck | Ttotal | Status | Flags |
---|---|---|---|---|---|---|
r-devel-linux-x86_64-debian-clang | 1.5-0 | 11.95 | 127.96 | 139.91 | NOTE | |
r-devel-linux-x86_64-debian-gcc | 1.5-0 | 8.03 | 91.80 | 99.83 | NOTE | |
r-devel-linux-x86_64-fedora-clang | 1.5-0 | 173.86 | NOTE | |||
r-devel-linux-x86_64-fedora-gcc | 1.5-0 | 181.07 | NOTE | |||
r-devel-windows-x86_64 | 1.5-0 | 57.00 | 169.00 | 226.00 | NOTE | |
r-patched-linux-x86_64 | 1.5-0 | 13.32 | 121.67 | 134.99 | NOTE | |
r-release-linux-x86_64 | 1.5-0 | 8.39 | 120.18 | 128.57 | NOTE | |
r-release-macos-arm64 | 1.5-0 | 51.00 | NOTE | |||
r-release-macos-x86_64 | 1.5-0 | 73.00 | NOTE | |||
r-release-windows-x86_64 | 1.5-0 | 73.00 | 177.00 | 250.00 | NOTE | |
r-oldrel-macos-arm64 | 1.5-0 | 64.00 | NOTE | |||
r-oldrel-macos-x86_64 | 1.5-0 | 115.00 | NOTE | |||
r-oldrel-windows-ix86+x86_64 | 1.5-0 | 27.00 | 213.00 | 240.00 | NOTE |
Version: 1.5-0
Check: package dependencies
Result: NOTE
Package suggested but not available for checking: 'Rdonlp2'
Flavors: r-devel-linux-x86_64-debian-clang, r-devel-linux-x86_64-debian-gcc, r-devel-linux-x86_64-fedora-clang, r-devel-linux-x86_64-fedora-gcc, r-devel-windows-x86_64, r-patched-linux-x86_64, r-release-linux-x86_64, r-release-macos-arm64, r-release-macos-x86_64, r-release-windows-x86_64, r-oldrel-macos-arm64, r-oldrel-macos-x86_64, r-oldrel-windows-ix86+x86_64