CRAN Package Check Results for Package depcoeff

Last updated on 2022-01-23 15:49:04 CET.

Flavor Version Tinstall Tcheck Ttotal Status Flags
r-devel-linux-x86_64-debian-clang 0.0.1 26.68 84.34 111.02 NOTE
r-devel-linux-x86_64-debian-gcc 0.0.1 19.33 75.25 94.58 NOTE
r-devel-linux-x86_64-fedora-clang 0.0.1 143.51 NOTE
r-devel-linux-x86_64-fedora-gcc 0.0.1 124.42 NOTE
r-devel-windows-x86_64-new-UL 0.0.1 42.00 119.00 161.00 NOTE
r-devel-windows-x86_64-new-TK 0.0.1 NOTE
r-patched-linux-x86_64 0.0.1 23.48 82.56 106.04 NOTE
r-release-linux-x86_64 0.0.1 19.19 81.91 101.10 NOTE
r-release-macos-arm64 0.0.1 NOTE
r-release-macos-x86_64 0.0.1 NOTE
r-release-windows-ix86+x86_64 0.0.1 64.00 138.00 202.00 NOTE
r-oldrel-macos-x86_64 0.0.1 OK
r-oldrel-windows-ix86+x86_64 0.0.1 67.00 134.00 201.00 OK

Check Details

Version: 0.0.1
Check: LazyData
Result: NOTE
     'LazyData' is specified without a 'data' directory
Flavors: r-devel-linux-x86_64-debian-clang, r-devel-linux-x86_64-debian-gcc, r-devel-linux-x86_64-fedora-clang, r-devel-linux-x86_64-fedora-gcc, r-devel-windows-x86_64-new-UL, r-devel-windows-x86_64-new-TK, r-patched-linux-x86_64, r-release-linux-x86_64, r-release-macos-arm64, r-release-macos-x86_64, r-release-windows-ix86+x86_64