CRAN Package Check Results for Package dendextend

Last updated on 2021-12-02 04:54:06 CET.

Flavor Version Tinstall Tcheck Ttotal Status Flags
r-devel-linux-x86_64-debian-clang 1.15.2 12.58 239.82 252.40 OK
r-devel-linux-x86_64-debian-gcc 1.15.2 9.98 193.66 203.64 OK
r-devel-linux-x86_64-fedora-clang 1.15.2 334.24 NOTE
r-devel-linux-x86_64-fedora-gcc 1.15.2 317.79 OK
r-devel-windows-x86_64-new-UL 1.15.2 47.00 454.00 501.00 NOTE
r-devel-windows-x86_64-new-TK 1.15.2 OK
r-devel-windows-x86_64-old 1.15.2 22.00 241.00 263.00 NOTE
r-patched-linux-x86_64 1.15.2 15.17 251.94 267.11 OK
r-patched-solaris-x86 1.15.2 229.50 NOTE
r-release-linux-x86_64 1.15.2 12.00 252.49 264.49 OK
r-release-macos-arm64 1.15.2 NOTE
r-release-macos-x86_64 1.15.2 NOTE
r-release-windows-ix86+x86_64 1.15.2 27.00 313.00 340.00 NOTE
r-oldrel-macos-x86_64 1.15.2 NOTE
r-oldrel-windows-ix86+x86_64 1.15.2 27.00 326.00 353.00 NOTE

Check Details

Version: 1.15.2
Check: installed package size
Result: NOTE
     installed size is 5.4Mb
     sub-directories of 1Mb or more:
     doc 4.2Mb
Flavors: r-devel-linux-x86_64-fedora-clang, r-devel-windows-x86_64-new-UL, r-devel-windows-x86_64-old, r-patched-solaris-x86, r-release-macos-arm64, r-release-macos-x86_64, r-release-windows-ix86+x86_64, r-oldrel-macos-x86_64, r-oldrel-windows-ix86+x86_64

Version: 1.15.2
Check: Rd cross-references
Result: NOTE
    Undeclared packages ‘WGCNA’, ‘moduleColor’, ‘distory’, ‘phangorn’, ‘zoo’ in Rd xrefs
Flavor: r-devel-linux-x86_64-fedora-clang

Version: 1.15.2
Check: Rd cross-references
Result: NOTE
    Package unavailable to check Rd xrefs: ‘WGCNA’
Flavor: r-release-macos-x86_64