CRAN Package Check Results for Package demu

Last updated on 2022-01-27 15:53:31 CET.

Flavor Version Tinstall Tcheck Ttotal Status Flags
r-devel-linux-x86_64-debian-clang 0.3.0 50.44 88.41 138.85 NOTE
r-devel-linux-x86_64-debian-gcc 0.3.0 36.56 65.61 102.17 NOTE
r-devel-linux-x86_64-fedora-clang 0.3.0 179.39 NOTE
r-devel-linux-x86_64-fedora-gcc 0.3.0 161.20 NOTE
r-devel-windows-x86_64-new-UL 0.3.0 53.00 128.00 181.00 NOTE
r-devel-windows-x86_64-new-TK 0.3.0 NOTE
r-patched-linux-x86_64 0.3.0 49.50 78.27 127.77 NOTE
r-release-linux-x86_64 0.3.0 46.43 78.04 124.47 NOTE
r-release-macos-arm64 0.3.0 NOTE
r-release-macos-x86_64 0.3.0 NOTE
r-release-windows-ix86+x86_64 0.3.0 118.00 140.00 258.00 NOTE
r-oldrel-macos-x86_64 0.3.0 OK
r-oldrel-windows-ix86+x86_64 0.3.0 119.00 140.00 259.00 OK

Check Details

Version: 0.3.0
Check: LazyData
Result: NOTE
     'LazyData' is specified without a 'data' directory
Flavors: r-devel-linux-x86_64-debian-clang, r-devel-linux-x86_64-debian-gcc, r-devel-linux-x86_64-fedora-clang, r-devel-linux-x86_64-fedora-gcc, r-devel-windows-x86_64-new-UL, r-devel-windows-x86_64-new-TK, r-patched-linux-x86_64, r-release-linux-x86_64, r-release-macos-arm64, r-release-macos-x86_64, r-release-windows-ix86+x86_64

Version: 0.3.0
Check: installed package size
Result: NOTE
     installed size is 5.1Mb
     sub-directories of 1Mb or more:
     libs 4.9Mb
Flavor: r-release-macos-arm64