CRAN Package Check Results for Package deflateBR

Last updated on 2022-01-23 15:49:04 CET.

Flavor Version Tinstall Tcheck Ttotal Status Flags
r-devel-linux-x86_64-debian-clang 1.1.2 2.93 37.68 40.61 NOTE
r-devel-linux-x86_64-debian-gcc 1.1.2 2.35 32.04 34.39 NOTE
r-devel-linux-x86_64-fedora-clang 1.1.2 50.58 NOTE
r-devel-linux-x86_64-fedora-gcc 1.1.2 38.25 NOTE
r-devel-windows-x86_64-new-UL 1.1.2 31.00 55.00 86.00 NOTE
r-devel-windows-x86_64-new-TK 1.1.2 NOTE
r-patched-linux-x86_64 1.1.2 2.90 36.33 39.23 NOTE
r-release-linux-x86_64 1.1.2 2.27 35.77 38.04 NOTE
r-release-macos-arm64 1.1.2 NOTE
r-release-macos-x86_64 1.1.2 NOTE
r-release-windows-ix86+x86_64 1.1.2 7.00 46.00 53.00 NOTE
r-oldrel-macos-x86_64 1.1.2 OK
r-oldrel-windows-ix86+x86_64 1.1.2 7.00 45.00 52.00 OK

Check Details

Version: 1.1.2
Check: LazyData
Result: NOTE
     'LazyData' is specified without a 'data' directory
Flavors: r-devel-linux-x86_64-debian-clang, r-devel-linux-x86_64-debian-gcc, r-devel-linux-x86_64-fedora-clang, r-devel-linux-x86_64-fedora-gcc, r-devel-windows-x86_64-new-UL, r-devel-windows-x86_64-new-TK, r-patched-linux-x86_64, r-release-linux-x86_64, r-release-macos-arm64, r-release-macos-x86_64, r-release-windows-ix86+x86_64