CRAN Package Check Results for Package ddpcr

Last updated on 2021-10-26 15:51:07 CEST.

Flavor Version Tinstall Tcheck Ttotal Status Flags
r-devel-linux-x86_64-debian-clang 1.15 8.81 136.08 144.89 NOTE
r-devel-linux-x86_64-debian-gcc 1.15 6.29 102.53 108.82 NOTE
r-devel-linux-x86_64-fedora-clang 1.15 176.19 NOTE
r-devel-linux-x86_64-fedora-gcc 1.15 170.20 NOTE
r-devel-windows-x86_64 1.15 13.00 193.00 206.00 NOTE
r-devel-windows-x86_64-gcc10-UCRT 1.15 NOTE
r-patched-linux-x86_64 1.15 10.55 140.32 150.87 NOTE
r-patched-solaris-x86 1.15 147.50 NOTE
r-release-linux-x86_64 1.15 5.92 140.84 146.76 NOTE
r-release-macos-arm64 1.15 NOTE
r-release-macos-x86_64 1.15 NOTE
r-release-windows-ix86+x86_64 1.15 13.00 200.00 213.00 NOTE
r-oldrel-macos-x86_64 1.15 OK
r-oldrel-windows-ix86+x86_64 1.15 17.00 202.00 219.00 OK

Check Details

Version: 1.15
Check: LazyData
Result: NOTE
     'LazyData' is specified without a 'data' directory
Flavors: r-devel-linux-x86_64-debian-clang, r-devel-linux-x86_64-debian-gcc, r-devel-linux-x86_64-fedora-clang, r-devel-linux-x86_64-fedora-gcc, r-devel-windows-x86_64, r-devel-windows-x86_64-gcc10-UCRT, r-patched-linux-x86_64, r-patched-solaris-x86, r-release-linux-x86_64, r-release-macos-arm64, r-release-macos-x86_64, r-release-windows-ix86+x86_64

Version: 1.15
Check: installed package size
Result: NOTE
     installed size is 5.7Mb
     sub-directories of 1Mb or more:
     sample_data 3.6Mb
Flavor: r-patched-solaris-x86