CRAN Package Check Results for Package ddiv

Last updated on 2023-01-30 02:54:05 CET.

Flavor Version Tinstall Tcheck Ttotal Status Flags
r-devel-linux-x86_64-debian-clang 0.1.1 3.46 61.26 64.72 OK
r-devel-linux-x86_64-debian-gcc 0.1.1 2.62 46.41 49.03 OK
r-devel-linux-x86_64-fedora-clang 0.1.1 80.20 NOTE
r-devel-linux-x86_64-fedora-gcc 0.1.1 89.95 NOTE
r-devel-windows-x86_64 0.1.1 24.00 102.00 126.00 OK
r-patched-linux-x86_64 0.1.1 3.57 59.05 62.62 OK
r-release-linux-x86_64 0.1.1 3.23 52.96 56.19 OK
r-release-macos-arm64 0.1.1 27.00 NOTE
r-release-macos-x86_64 0.1.1 35.00 NOTE
r-release-windows-x86_64 0.1.1 13.00 98.00 111.00 OK
r-oldrel-macos-arm64 0.1.1 26.00 NOTE
r-oldrel-macos-x86_64 0.1.1 49.00 NOTE
r-oldrel-windows-ix86+x86_64 0.1.1 9.00 85.00 94.00 OK

Check Details

Version: 0.1.1
Check: dependencies in R code
Result: NOTE
    Namespaces in Imports field not imported from:
     ‘MASS’ ‘qpdf’
     All declared Imports should be used.
Flavors: r-devel-linux-x86_64-fedora-clang, r-devel-linux-x86_64-fedora-gcc, r-release-macos-arm64, r-release-macos-x86_64, r-oldrel-macos-arm64, r-oldrel-macos-x86_64