CRAN Package Check Results for Package dbhydroR

Last updated on 2021-11-29 03:53:04 CET.

Flavor Version Tinstall Tcheck Ttotal Status Flags
r-devel-linux-x86_64-debian-clang 0.2-8 NOTE
r-devel-linux-x86_64-debian-gcc 0.2-8 3.20 34.68 37.88 NOTE
r-devel-linux-x86_64-fedora-clang 0.2-8 69.45 NOTE
r-devel-linux-x86_64-fedora-gcc 0.2-8 59.82 NOTE
r-devel-windows-x86_64-new-UL 0.2-8 10.00 87.00 97.00 NOTE
r-devel-windows-x86_64-new-TK 0.2-8 NOTE
r-devel-windows-x86_64-old 0.2-8 5.00 63.00 68.00 NOTE
r-patched-linux-x86_64 0.2-8 4.11 41.89 46.00 NOTE
r-patched-solaris-x86 0.2-8 87.30 NOTE
r-release-linux-x86_64 0.2-8 3.94 42.15 46.09 NOTE
r-release-macos-arm64 0.2-8 NOTE
r-release-macos-x86_64 0.2-8 NOTE
r-release-windows-ix86+x86_64 0.2-8 12.00 54.00 66.00 NOTE
r-oldrel-macos-x86_64 0.2-8 OK
r-oldrel-windows-ix86+x86_64 0.2-8 8.00 66.00 74.00 OK

Check Details

Version: 0.2-8
Check: LazyData
Result: NOTE
     'LazyData' is specified without a 'data' directory
Flavors: r-devel-linux-x86_64-debian-clang, r-devel-linux-x86_64-debian-gcc, r-devel-linux-x86_64-fedora-clang, r-devel-linux-x86_64-fedora-gcc, r-devel-windows-x86_64-new-UL, r-devel-windows-x86_64-new-TK, r-devel-windows-x86_64-old, r-patched-linux-x86_64, r-patched-solaris-x86, r-release-linux-x86_64, r-release-macos-arm64, r-release-macos-x86_64, r-release-windows-ix86+x86_64