CRAN Package Check Results for Package datrProfile

Last updated on 2023-12-01 15:53:31 CET.

Flavor Version Tinstall Tcheck Ttotal Status Flags
r-devel-linux-x86_64-debian-clang 0.1.0 2.01 28.01 30.02 NOTE
r-devel-linux-x86_64-debian-gcc 0.1.0 2.08 21.98 24.06 NOTE
r-devel-linux-x86_64-fedora-clang 0.1.0 40.84 NOTE
r-devel-linux-x86_64-fedora-gcc 0.1.0 37.00 NOTE
r-devel-windows-x86_64 0.1.0 4.00 47.00 51.00 NOTE
r-patched-linux-x86_64 0.1.0 2.35 28.05 30.40 NOTE
r-release-linux-x86_64 0.1.0 2.43 28.12 30.55 NOTE
r-release-macos-arm64 0.1.0 18.00 NOTE
r-release-macos-x86_64 0.1.0 23.00 NOTE
r-release-windows-x86_64 0.1.0 5.00 45.00 50.00 NOTE
r-oldrel-macos-arm64 0.1.0 16.00 NOTE
r-oldrel-macos-x86_64 0.1.0 28.00 NOTE
r-oldrel-windows-x86_64 0.1.0 5.00 48.00 53.00 NOTE

Check Details

Version: 0.1.0
Check: LazyData
Result: NOTE 'LazyData' is specified without a 'data' directory Flavors: r-devel-linux-x86_64-debian-clang, r-devel-linux-x86_64-debian-gcc, r-devel-linux-x86_64-fedora-clang, r-devel-linux-x86_64-fedora-gcc, r-devel-windows-x86_64, r-patched-linux-x86_64, r-release-linux-x86_64, r-release-macos-arm64, r-release-macos-x86_64, r-release-windows-x86_64, r-oldrel-macos-arm64, r-oldrel-macos-x86_64, r-oldrel-windows-x86_64