Last updated on 2023-02-02 15:54:25 CET.
Flavor | Version | Tinstall | Tcheck | Ttotal | Status | Flags |
---|---|---|---|---|---|---|
r-devel-linux-x86_64-debian-clang | 0.1.0 | 2.55 | 28.81 | 31.36 | NOTE | |
r-devel-linux-x86_64-debian-gcc | 0.1.0 | 1.92 | 22.14 | 24.06 | NOTE | |
r-devel-linux-x86_64-fedora-clang | 0.1.0 | 40.19 | NOTE | |||
r-devel-linux-x86_64-fedora-gcc | 0.1.0 | 35.57 | NOTE | |||
r-patched-linux-x86_64 | 0.1.0 | 2.55 | 28.10 | 30.65 | NOTE | |
r-release-linux-x86_64 | 0.1.0 | 2.72 | 28.24 | 30.96 | NOTE | |
r-release-macos-arm64 | 0.1.0 | 16.00 | NOTE | |||
r-release-macos-x86_64 | 0.1.0 | 28.00 | NOTE | |||
r-release-windows-x86_64 | 0.1.0 | 25.00 | 59.00 | 84.00 | NOTE | |
r-oldrel-macos-arm64 | 0.1.0 | 21.00 | NOTE | |||
r-oldrel-macos-x86_64 | 0.1.0 | 27.00 | NOTE | |||
r-oldrel-windows-ix86+x86_64 | 0.1.0 | 7.00 | 54.00 | 61.00 | NOTE |
Version: 0.1.0
Check: LazyData
Result: NOTE
'LazyData' is specified without a 'data' directory
Flavors: r-devel-linux-x86_64-debian-clang, r-devel-linux-x86_64-debian-gcc, r-devel-linux-x86_64-fedora-clang, r-devel-linux-x86_64-fedora-gcc, r-patched-linux-x86_64, r-release-linux-x86_64, r-release-macos-arm64, r-release-macos-x86_64, r-release-windows-x86_64, r-oldrel-macos-arm64, r-oldrel-macos-x86_64, r-oldrel-windows-ix86+x86_64