CRAN Package Check Results for Package datr

Last updated on 2024-07-20 15:48:41 CEST.

Flavor Version Tinstall Tcheck Ttotal Status Flags
r-devel-linux-x86_64-debian-clang 0.1.0 2.08 25.55 27.63 NOTE
r-devel-linux-x86_64-debian-gcc 0.1.0 1.66 19.55 21.21 NOTE
r-devel-linux-x86_64-fedora-clang 0.1.0 35.91 NOTE
r-devel-linux-x86_64-fedora-gcc 0.1.0 32.87 NOTE
r-devel-windows-x86_64 0.1.0 5.00 43.00 48.00 NOTE
r-patched-linux-x86_64 0.1.0 2.00 24.65 26.65 NOTE
r-release-linux-x86_64 0.1.0 1.48 24.33 25.81 NOTE
r-release-macos-arm64 0.1.0 17.00 NOTE
r-release-macos-x86_64 0.1.0 22.00 NOTE
r-release-windows-x86_64 0.1.0 4.00 44.00 48.00 NOTE
r-oldrel-macos-arm64 0.1.0 17.00 NOTE
r-oldrel-macos-x86_64 0.1.0 22.00 NOTE
r-oldrel-windows-x86_64 0.1.0 4.00 45.00 49.00 NOTE

Check Details

Version: 0.1.0
Check: LazyData
Result: NOTE 'LazyData' is specified without a 'data' directory Flavors: r-devel-linux-x86_64-debian-clang, r-devel-linux-x86_64-debian-gcc, r-devel-linux-x86_64-fedora-clang, r-devel-linux-x86_64-fedora-gcc, r-devel-windows-x86_64, r-patched-linux-x86_64, r-release-linux-x86_64, r-release-macos-arm64, r-release-macos-x86_64, r-release-windows-x86_64, r-oldrel-macos-arm64, r-oldrel-macos-x86_64, r-oldrel-windows-x86_64