Last updated on 2023-01-31 15:55:45 CET.
Flavor | Version | Tinstall | Tcheck | Ttotal | Status | Flags |
---|---|---|---|---|---|---|
r-devel-linux-x86_64-debian-clang | 0.5.0 | 5.68 | 105.47 | 111.15 | OK | |
r-devel-linux-x86_64-debian-gcc | 0.5.0 | 4.47 | 82.60 | 87.07 | OK | |
r-devel-linux-x86_64-fedora-clang | 0.5.0 | 144.83 | NOTE | |||
r-devel-linux-x86_64-fedora-gcc | 0.5.0 | 135.01 | NOTE | |||
r-devel-windows-x86_64 | 0.5.0 | 34.00 | 164.00 | 198.00 | OK | |
r-patched-linux-x86_64 | 0.5.0 | 6.24 | 107.36 | 113.60 | OK | |
r-release-linux-x86_64 | 0.5.0 | 5.63 | 110.63 | 116.26 | OK | |
r-release-macos-arm64 | 0.5.0 | 51.00 | NOTE | |||
r-release-macos-x86_64 | 0.5.0 | 66.00 | NOTE | |||
r-release-windows-x86_64 | 0.5.0 | 38.00 | 160.00 | 198.00 | OK | |
r-oldrel-macos-arm64 | 0.5.0 | 50.00 | NOTE | |||
r-oldrel-macos-x86_64 | 0.5.0 | 69.00 | NOTE | |||
r-oldrel-windows-ix86+x86_64 | 0.5.0 | 17.00 | 148.00 | 165.00 | OK |
Version: 0.5.0
Check: data for non-ASCII characters
Result: NOTE
Note: found 54315 marked UTF-8 strings
Flavors: r-devel-linux-x86_64-fedora-clang, r-devel-linux-x86_64-fedora-gcc, r-release-macos-arm64, r-release-macos-x86_64, r-oldrel-macos-arm64, r-oldrel-macos-x86_64