CRAN Package Check Results for Package dataquieR

Last updated on 2021-06-17 04:56:08 CEST.

Flavor Version Tinstall Tcheck Ttotal Status Flags
r-devel-linux-x86_64-debian-clang 1.0.5 20.20 265.64 285.84 NOTE
r-devel-linux-x86_64-debian-gcc 1.0.5 15.62 185.02 200.64 NOTE
r-devel-linux-x86_64-fedora-clang 1.0.5 334.34 NOTE
r-devel-linux-x86_64-fedora-gcc 1.0.5 337.38 NOTE
r-devel-windows-x86_64 1.0.5 30.00 333.00 363.00 NOTE
r-devel-windows-x86_64-gcc10-UCRT 1.0.5 NOTE
r-patched-linux-x86_64 1.0.5 23.29 247.59 270.88 NOTE
r-patched-solaris-x86 1.0.5 449.50 NOTE
r-release-linux-x86_64 1.0.5 16.93 249.93 266.86 NOTE
r-release-macos-arm64 1.0.5 NOTE
r-release-macos-x86_64 1.0.5 NOTE
r-release-windows-ix86+x86_64 1.0.5 37.00 339.00 376.00 NOTE
r-oldrel-macos-x86_64 1.0.5 OK
r-oldrel-windows-ix86+x86_64 1.0.5 26.00 360.00 386.00 OK

Check Details

Version: 1.0.5
Check: LazyData
Result: NOTE
     'LazyData' is specified without a 'data' directory
Flavors: r-devel-linux-x86_64-debian-clang, r-devel-linux-x86_64-debian-gcc, r-devel-linux-x86_64-fedora-clang, r-devel-linux-x86_64-fedora-gcc, r-devel-windows-x86_64, r-devel-windows-x86_64-gcc10-UCRT, r-patched-linux-x86_64, r-patched-solaris-x86, r-release-linux-x86_64, r-release-macos-arm64, r-release-macos-x86_64, r-release-windows-ix86+x86_64

Version: 1.0.5
Check: package dependencies
Result: NOTE
    Package suggested but not available for checking: 'vdiffr'
Flavor: r-devel-windows-x86_64-gcc10-UCRT