CRAN Package Check Results for Package datadogr

Last updated on 2022-01-23 15:49:04 CET.

Flavor Version Tinstall Tcheck Ttotal Status Flags
r-devel-linux-x86_64-debian-clang 0.1.2 2.21 36.60 38.81 NOTE
r-devel-linux-x86_64-debian-gcc 0.1.2 1.81 31.52 33.33 NOTE
r-devel-linux-x86_64-fedora-clang 0.1.2 48.46 NOTE
r-devel-linux-x86_64-fedora-gcc 0.1.2 37.18 NOTE
r-devel-windows-x86_64-new-UL 0.1.2 22.00 65.00 87.00 NOTE
r-devel-windows-x86_64-new-TK 0.1.2 NOTE
r-patched-linux-x86_64 0.1.2 1.51 35.15 36.66 NOTE
r-release-linux-x86_64 0.1.2 1.54 35.95 37.49 NOTE
r-release-macos-arm64 0.1.2 NOTE
r-release-macos-x86_64 0.1.2 NOTE
r-release-windows-ix86+x86_64 0.1.2 7.00 44.00 51.00 NOTE
r-oldrel-macos-x86_64 0.1.2 OK
r-oldrel-windows-ix86+x86_64 0.1.2 6.00 46.00 52.00 OK

Check Details

Version: 0.1.2
Check: LazyData
Result: NOTE
     'LazyData' is specified without a 'data' directory
Flavors: r-devel-linux-x86_64-debian-clang, r-devel-linux-x86_64-debian-gcc, r-devel-linux-x86_64-fedora-clang, r-devel-linux-x86_64-fedora-gcc, r-devel-windows-x86_64-new-UL, r-devel-windows-x86_64-new-TK, r-patched-linux-x86_64, r-release-linux-x86_64, r-release-macos-arm64, r-release-macos-x86_64, r-release-windows-ix86+x86_64