CRAN Package Check Results for Package datacleanr

Last updated on 2024-07-23 03:57:20 CEST.

Flavor Version Tinstall Tcheck Ttotal Status Flags
r-devel-linux-x86_64-debian-clang 1.0.3 5.54 51.46 57.00 OK
r-devel-linux-x86_64-debian-gcc 1.0.3 5.29 38.51 43.80 NOTE
r-devel-linux-x86_64-fedora-clang 1.0.3 70.75 NOTE
r-devel-linux-x86_64-fedora-gcc 1.0.3 70.59 NOTE
r-devel-windows-x86_64 1.0.3 9.00 63.00 72.00 NOTE
r-patched-linux-x86_64 1.0.3 12.44 47.45 59.89 OK
r-release-linux-x86_64 1.0.3 4.31 48.79 53.10 OK
r-release-macos-arm64 1.0.3 25.00 OK
r-release-macos-x86_64 1.0.3 35.00 OK
r-release-windows-x86_64 1.0.3 7.00 63.00 70.00 OK
r-oldrel-macos-arm64 1.0.3 24.00 OK
r-oldrel-macos-x86_64 1.0.3 41.00 OK
r-oldrel-windows-x86_64 1.0.3 9.00 70.00 79.00 OK

Check Details

Version: 1.0.3
Check: Rd cross-references
Result: NOTE Found the following Rd file(s) with Rd \link{} targets missing package anchors: dcr_app.Rd: plotly Please provide package anchors for all Rd \link{} targets not in the package itself and the base packages. Flavors: r-devel-linux-x86_64-debian-gcc, r-devel-windows-x86_64

Version: 1.0.3
Check: dependencies in R code
Result: NOTE Namespace in Imports field not imported from: ‘htmltools’ All declared Imports should be used. Flavors: r-devel-linux-x86_64-fedora-clang, r-devel-linux-x86_64-fedora-gcc