CRAN Package Check Results for Package dataCompareR

Last updated on 2024-07-22 15:57:19 CEST.

Flavor Version Tinstall Tcheck Ttotal Status Flags
r-devel-linux-x86_64-debian-clang 0.1.4 6.08 142.72 148.80 NOTE
r-devel-linux-x86_64-debian-gcc 0.1.4 6.03 103.95 109.98 NOTE
r-devel-linux-x86_64-fedora-clang 0.1.4 182.19 NOTE
r-devel-linux-x86_64-fedora-gcc 0.1.4 186.08 NOTE
r-devel-windows-x86_64 0.1.4 10.00 126.00 136.00 NOTE
r-patched-linux-x86_64 0.1.4 7.19 133.12 140.31 NOTE
r-release-linux-x86_64 0.1.4 6.39 135.43 141.82 NOTE
r-release-macos-arm64 0.1.4 51.00 NOTE
r-release-macos-x86_64 0.1.4 85.00 NOTE
r-release-windows-x86_64 0.1.4 7.00 125.00 132.00 NOTE
r-oldrel-macos-arm64 0.1.4 59.00 OK
r-oldrel-macos-x86_64 0.1.4 99.00 OK
r-oldrel-windows-x86_64 0.1.4 10.00 150.00 160.00 OK

Check Details

Version: 0.1.4
Check: Rd files
Result: NOTE checkRd: (-1) processFlow.Rd:14: Lost braces 14 | \item{roundDigits}{Integer. If NA, numerics are not rounded before comparison. If /code{roundDigits} is specified, numerics are | ^ checkRd: (-1) processFlow.Rd:15: Lost braces 15 | rounded to /code{roundDigits} decimal places using \link[base]{round}.} | ^ Flavors: r-devel-linux-x86_64-debian-clang, r-devel-linux-x86_64-debian-gcc, r-devel-linux-x86_64-fedora-clang, r-devel-linux-x86_64-fedora-gcc, r-devel-windows-x86_64, r-patched-linux-x86_64, r-release-linux-x86_64, r-release-macos-arm64, r-release-macos-x86_64, r-release-windows-x86_64