CRAN Package Check Results for Package cycleRtools

Last updated on 2024-07-12 03:55:31 CEST.

Flavor Version Tinstall Tcheck Ttotal Status Flags
r-devel-linux-x86_64-debian-clang 1.1.1 74.97 71.68 146.65 OK
r-devel-linux-x86_64-debian-gcc 1.1.1 44.40 52.70 97.10 OK
r-devel-linux-x86_64-fedora-clang 1.1.1 208.36 NOTE
r-devel-linux-x86_64-fedora-gcc 1.1.1 210.63 NOTE
r-devel-windows-x86_64 1.1.1 56.00 85.00 141.00 OK
r-patched-linux-x86_64 1.1.1 58.29 68.11 126.40 OK
r-release-linux-x86_64 1.1.1 51.78 66.41 118.19 OK
r-release-macos-arm64 1.1.1 47.00 OK
r-release-macos-x86_64 1.1.1 72.00 OK
r-release-windows-x86_64 1.1.1 55.00 84.00 139.00 OK
r-oldrel-macos-arm64 1.1.1 56.00 OK
r-oldrel-macos-x86_64 1.1.1 90.00 OK
r-oldrel-windows-x86_64 1.1.1 67.00 101.00 168.00 OK

Check Details

Version: 1.1.1
Check: compiled code
Result: NOTE File ‘cycleRtools/libs/cycleRtools.so’: Found no calls to: ‘R_registerRoutines’, ‘R_useDynamicSymbols’ It is good practice to register native routines and to disable symbol search. See ‘Writing portable packages’ in the ‘Writing R Extensions’ manual. Flavors: r-devel-linux-x86_64-fedora-clang, r-devel-linux-x86_64-fedora-gcc