CRAN Package Check Results for Package cwhmisc

Last updated on 2021-12-07 03:53:39 CET.

Flavor Version Tinstall Tcheck Ttotal Status Flags
r-devel-linux-x86_64-debian-clang 6.6 8.54 72.60 81.14 NOTE
r-devel-linux-x86_64-debian-gcc 6.6 6.31 55.75 62.06 NOTE
r-devel-linux-x86_64-fedora-clang 6.6 104.03 NOTE
r-devel-linux-x86_64-fedora-gcc 6.6 92.03 NOTE
r-devel-windows-x86_64-new-UL 6.6 27.00 139.00 166.00 OK
r-devel-windows-x86_64-new-TK 6.6 OK
r-devel-windows-x86_64-old 6.6 13.00 96.00 109.00 OK
r-patched-linux-x86_64 6.6 9.27 62.05 71.32 NOTE
r-release-linux-x86_64 6.6 7.78 71.01 78.79 NOTE
r-release-macos-arm64 6.6 OK
r-release-macos-x86_64 6.6 OK
r-release-windows-ix86+x86_64 6.6 12.00 98.00 110.00 OK
r-oldrel-macos-x86_64 6.6 OK
r-oldrel-windows-ix86+x86_64 6.6 15.00 101.00 116.00 OK

Check Details

Version: 6.6
Check: for non-standard things in the check directory
Result: NOTE
    Found the following files/directories:
     'tex.table.tex'
Flavors: r-devel-linux-x86_64-debian-clang, r-devel-linux-x86_64-debian-gcc, r-devel-linux-x86_64-fedora-clang, r-devel-linux-x86_64-fedora-gcc, r-patched-linux-x86_64, r-release-linux-x86_64