CRAN Package Check Results for Package cvms

Last updated on 2021-10-22 03:55:19 CEST.

Flavor Version Tinstall Tcheck Ttotal Status Flags
r-devel-linux-x86_64-debian-clang 1.3.2 17.39 532.19 549.58 ERROR
r-devel-linux-x86_64-debian-gcc 1.3.2 14.66 388.08 402.74 ERROR
r-devel-linux-x86_64-fedora-clang 1.3.2 693.10 ERROR
r-devel-linux-x86_64-fedora-gcc 1.3.2 644.24 ERROR
r-devel-windows-x86_64 1.3.2 30.00 579.00 609.00 OK
r-devel-windows-x86_64-gcc10-UCRT 1.3.2 ERROR
r-patched-linux-x86_64 1.3.2 20.56 503.40 523.96 ERROR
r-patched-solaris-x86 1.3.2 587.40 ERROR
r-release-linux-x86_64 1.3.2 14.37 501.33 515.70 ERROR
r-release-macos-arm64 1.3.1 OK
r-release-macos-x86_64 1.3.2 OK
r-release-windows-ix86+x86_64 1.3.2 36.00 585.00 621.00 OK
r-oldrel-macos-x86_64 1.3.2 OK
r-oldrel-windows-ix86+x86_64 1.3.2 28.00 449.00 477.00 OK

Check Details

Version: 1.3.2
Check: tests
Result: ERROR
     Running 'testthat.R' [273s/304s]
    Running the tests in 'tests/testthat.R' failed.
    Complete output:
     > library(testthat)
     > library(cvms)
     >
     > test_check("cvms")
     == Skipped tests ===============================================================
     * Fails in check - IMPROVE THESE TESTS (1)
     * On CRAN (56)
     * Skipping check for CRAN release due to r_hub failure (1)
     * Skipping parallel tests (3)
     * empty test (1)
     * keras and tensorflow take too long and have too many dependencies (1)
     * mac and ubuntu give different warnings (4)
     * tidymodels have too many dependencies (1)
    
     == Failed tests ================================================================
     -- Failure (test_cross_validate.R:3475:3): varying number of folds in repeated cv with cross_validate() --
     CV$Coefficients not equal to list(...).
     Component 1: Attributes: < Names: 25 string mismatches >
     Component 1: Attributes: < Length mismatch: comparison on first 28 components >
     Component 1: Attributes: < Component 4: Lengths (1, 3) differ (string compare on first 1) >
     Component 1: Attributes: < Component 4: 1 string mismatch >
     Component 1: Attributes: < Component 5: Lengths (3, 1) differ (string compare on first 1) >
     Component 1: Attributes: < Component 5: 1 string mismatch >
     Component 1: Attributes: < Component 6: Modes: character, numeric >
     Component 1: Attributes: < Component 6: target is character, current is numeric >
     Component 1: Attributes: < Component 7: Modes: character, logical >
     ...
    
     [ FAIL 1 | WARN 0 | SKIP 68 | PASS 3757 ]
     Error: Test failures
     Execution halted
Flavor: r-devel-linux-x86_64-debian-clang

Version: 1.3.2
Check: tests
Result: ERROR
     Running ‘testthat.R’ [197s/280s]
    Running the tests in ‘tests/testthat.R’ failed.
    Complete output:
     > library(testthat)
     > library(cvms)
     >
     > test_check("cvms")
     ══ Skipped tests ═══════════════════════════════════════════════════════════════
     • Fails in check - IMPROVE THESE TESTS (1)
     • On CRAN (56)
     • Skipping check for CRAN release due to r_hub failure (1)
     • Skipping parallel tests (3)
     • empty test (1)
     • keras and tensorflow take too long and have too many dependencies (1)
     • mac and ubuntu give different warnings (4)
     • tidymodels have too many dependencies (1)
    
     ══ Failed tests ════════════════════════════════════════════════════════════════
     ── Failure (test_cross_validate.R:3475:3): varying number of folds in repeated cv with cross_validate() ──
     CV$Coefficients not equal to list(...).
     Component 1: Attributes: < Names: 25 string mismatches >
     Component 1: Attributes: < Length mismatch: comparison on first 28 components >
     Component 1: Attributes: < Component 4: Lengths (1, 3) differ (string compare on first 1) >
     Component 1: Attributes: < Component 4: 1 string mismatch >
     Component 1: Attributes: < Component 5: Lengths (3, 1) differ (string compare on first 1) >
     Component 1: Attributes: < Component 5: 1 string mismatch >
     Component 1: Attributes: < Component 6: Modes: character, numeric >
     Component 1: Attributes: < Component 6: target is character, current is numeric >
     Component 1: Attributes: < Component 7: Modes: character, logical >
     ...
    
     [ FAIL 1 | WARN 0 | SKIP 68 | PASS 3757 ]
     Error: Test failures
     Execution halted
Flavor: r-devel-linux-x86_64-debian-gcc

Version: 1.3.2
Check: tests
Result: ERROR
     Running ‘testthat.R’ [6m/22m]
    Running the tests in ‘tests/testthat.R’ failed.
    Complete output:
     > library(testthat)
     > library(cvms)
     >
     > test_check("cvms")
     ══ Skipped tests ═══════════════════════════════════════════════════════════════
     • Fails in check - IMPROVE THESE TESTS (1)
     • On CRAN (56)
     • Skipping check for CRAN release due to r_hub failure (1)
     • Skipping parallel tests (3)
     • empty test (1)
     • keras and tensorflow take too long and have too many dependencies (1)
     • mac and ubuntu give different warnings (4)
     • tidymodels have too many dependencies (1)
    
     ══ Failed tests ════════════════════════════════════════════════════════════════
     ── Failure (test_cross_validate.R:3475:3): varying number of folds in repeated cv with cross_validate() ──
     CV$Coefficients not equal to list(...).
     Component 1: Attributes: < Names: 25 string mismatches >
     Component 1: Attributes: < Length mismatch: comparison on first 28 components >
     Component 1: Attributes: < Component 4: Lengths (1, 3) differ (string compare on first 1) >
     Component 1: Attributes: < Component 4: 1 string mismatch >
     Component 1: Attributes: < Component 5: Lengths (3, 1) differ (string compare on first 1) >
     Component 1: Attributes: < Component 5: 1 string mismatch >
     Component 1: Attributes: < Component 6: Modes: character, numeric >
     Component 1: Attributes: < Component 6: target is character, current is numeric >
     Component 1: Attributes: < Component 7: Modes: character, logical >
     ...
    
     [ FAIL 1 | WARN 0 | SKIP 68 | PASS 3757 ]
     Error: Test failures
     Execution halted
Flavor: r-devel-linux-x86_64-fedora-clang

Version: 1.3.2
Check: tests
Result: ERROR
     Running ‘testthat.R’ [315s/322s]
    Running the tests in ‘tests/testthat.R’ failed.
    Complete output:
     > library(testthat)
     > library(cvms)
     >
     > test_check("cvms")
     ══ Skipped tests ═══════════════════════════════════════════════════════════════
     • Fails in check - IMPROVE THESE TESTS (1)
     • On CRAN (56)
     • Skipping check for CRAN release due to r_hub failure (1)
     • Skipping parallel tests (3)
     • empty test (1)
     • keras and tensorflow take too long and have too many dependencies (1)
     • mac and ubuntu give different warnings (4)
     • tidymodels have too many dependencies (1)
    
     ══ Failed tests ════════════════════════════════════════════════════════════════
     ── Failure (test_cross_validate.R:3475:3): varying number of folds in repeated cv with cross_validate() ──
     CV$Coefficients not equal to list(...).
     Component 1: Attributes: < Names: 25 string mismatches >
     Component 1: Attributes: < Length mismatch: comparison on first 28 components >
     Component 1: Attributes: < Component 4: Lengths (1, 3) differ (string compare on first 1) >
     Component 1: Attributes: < Component 4: 1 string mismatch >
     Component 1: Attributes: < Component 5: Lengths (3, 1) differ (string compare on first 1) >
     Component 1: Attributes: < Component 5: 1 string mismatch >
     Component 1: Attributes: < Component 6: Modes: character, numeric >
     Component 1: Attributes: < Component 6: target is character, current is numeric >
     Component 1: Attributes: < Component 7: Modes: character, logical >
     ...
    
     [ FAIL 1 | WARN 0 | SKIP 68 | PASS 3757 ]
     Error: Test failures
     Execution halted
Flavor: r-devel-linux-x86_64-fedora-gcc

Version: 1.3.2
Check: tests
Result: ERROR
     Running 'testthat.R'
    Running the tests in 'tests/testthat.R' failed.
    Complete output:
     > library(testthat)
     > library(cvms)
     >
     > test_check("cvms")
     ══ Skipped tests ═══════════════════════════════════════════════════════════════
     • Fails in check - IMPROVE THESE TESTS (1)
     • On CRAN (56)
     • Skipping check for CRAN release due to r_hub failure (1)
     • Skipping parallel tests (3)
     • empty test (1)
     • keras and tensorflow take too long and have too many dependencies (1)
     • mac and ubuntu give different warnings (4)
     • tidymodels have too many dependencies (1)
    
     ══ Failed tests ════════════════════════════════════════════════════════════════
     ── Failure (test_cross_validate.R:3475:3): varying number of folds in repeated cv with cross_validate() ──
     CV$Coefficients not equal to list(...).
     Component 1: Attributes: < Names: 25 string mismatches >
     Component 1: Attributes: < Length mismatch: comparison on first 28 components >
     Component 1: Attributes: < Component 4: Lengths (1, 3) differ (string compare on first 1) >
     Component 1: Attributes: < Component 4: 1 string mismatch >
     Component 1: Attributes: < Component 5: Lengths (3, 1) differ (string compare on first 1) >
     Component 1: Attributes: < Component 5: 1 string mismatch >
     Component 1: Attributes: < Component 6: Modes: character, numeric >
     Component 1: Attributes: < Component 6: target is character, current is numeric >
     Component 1: Attributes: < Component 7: Modes: character, logical >
     ...
    
     [ FAIL 1 | WARN 0 | SKIP 68 | PASS 3757 ]
     Error: Test failures
     Execution halted
Flavor: r-devel-windows-x86_64-gcc10-UCRT

Version: 1.3.2
Check: tests
Result: ERROR
     Running ‘testthat.R’ [256s/277s]
    Running the tests in ‘tests/testthat.R’ failed.
    Complete output:
     > library(testthat)
     > library(cvms)
     >
     > test_check("cvms")
     ══ Skipped tests ═══════════════════════════════════════════════════════════════
     • Fails in check - IMPROVE THESE TESTS (1)
     • On CRAN (56)
     • Skipping check for CRAN release due to r_hub failure (1)
     • Skipping parallel tests (3)
     • empty test (1)
     • keras and tensorflow take too long and have too many dependencies (1)
     • mac and ubuntu give different warnings (4)
     • tidymodels have too many dependencies (1)
    
     ══ Failed tests ════════════════════════════════════════════════════════════════
     ── Failure (test_cross_validate.R:3475:3): varying number of folds in repeated cv with cross_validate() ──
     CV$Coefficients not equal to list(...).
     Component 1: Attributes: < Names: 25 string mismatches >
     Component 1: Attributes: < Length mismatch: comparison on first 28 components >
     Component 1: Attributes: < Component 4: Lengths (1, 3) differ (string compare on first 1) >
     Component 1: Attributes: < Component 4: 1 string mismatch >
     Component 1: Attributes: < Component 5: Lengths (3, 1) differ (string compare on first 1) >
     Component 1: Attributes: < Component 5: 1 string mismatch >
     Component 1: Attributes: < Component 6: Modes: character, numeric >
     Component 1: Attributes: < Component 6: target is character, current is numeric >
     Component 1: Attributes: < Component 7: Modes: character, logical >
     ...
    
     [ FAIL 1 | WARN 0 | SKIP 68 | PASS 3757 ]
     Error: Test failures
     Execution halted
Flavor: r-patched-linux-x86_64

Version: 1.3.2
Check: package dependencies
Result: NOTE
    Package suggested but not available for checking: ‘rsvg’
Flavor: r-patched-solaris-x86

Version: 1.3.2
Check: tests
Result: ERROR
     Running ‘testthat.R’ [385s/420s]
    Running the tests in ‘tests/testthat.R’ failed.
    Complete output:
     > library(testthat)
     > library(cvms)
     >
     > test_check("cvms")
     ══ Skipped tests ═══════════════════════════════════════════════════════════════
     • Fails in check - IMPROVE THESE TESTS (1)
     • On CRAN (56)
     • Skipping check for CRAN release due to r_hub failure (1)
     • Skipping parallel tests (3)
     • empty test (1)
     • keras and tensorflow take too long and have too many dependencies (1)
     • mac and ubuntu give different warnings (4)
     • missing 'rsvg' and/or 'ggimage'. (4)
     • tidymodels have too many dependencies (1)
    
     ══ Failed tests ════════════════════════════════════════════════════════════════
     ── Failure (test_cross_validate.R:3475:3): varying number of folds in repeated cv with cross_validate() ──
     CV$Coefficients not equal to list(...).
     Component 1: Attributes: < Names: 25 string mismatches >
     Component 1: Attributes: < Length mismatch: comparison on first 28 components >
     Component 1: Attributes: < Component 4: Lengths (1, 3) differ (string compare on first 1) >
     Component 1: Attributes: < Component 4: 1 string mismatch >
     Component 1: Attributes: < Component 5: Lengths (3, 1) differ (string compare on first 1) >
     Component 1: Attributes: < Component 5: 1 string mismatch >
     Component 1: Attributes: < Component 6: Modes: character, numeric >
     Component 1: Attributes: < Component 6: target is character, current is numeric >
     Component 1: Attributes: < Component 7: Modes: character, logical >
     ...
    
     [ FAIL 1 | WARN 0 | SKIP 72 | PASS 3676 ]
     Error: Test failures
     Execution halted
Flavor: r-patched-solaris-x86

Version: 1.3.2
Check: tests
Result: ERROR
     Running ‘testthat.R’ [249s/273s]
    Running the tests in ‘tests/testthat.R’ failed.
    Complete output:
     > library(testthat)
     > library(cvms)
     >
     > test_check("cvms")
     ══ Skipped tests ═══════════════════════════════════════════════════════════════
     • Fails in check - IMPROVE THESE TESTS (1)
     • On CRAN (56)
     • Skipping check for CRAN release due to r_hub failure (1)
     • Skipping parallel tests (3)
     • empty test (1)
     • keras and tensorflow take too long and have too many dependencies (1)
     • mac and ubuntu give different warnings (4)
     • tidymodels have too many dependencies (1)
    
     ══ Failed tests ════════════════════════════════════════════════════════════════
     ── Failure (test_cross_validate.R:3475:3): varying number of folds in repeated cv with cross_validate() ──
     CV$Coefficients not equal to list(...).
     Component 1: Attributes: < Names: 25 string mismatches >
     Component 1: Attributes: < Length mismatch: comparison on first 28 components >
     Component 1: Attributes: < Component 4: Lengths (1, 3) differ (string compare on first 1) >
     Component 1: Attributes: < Component 4: 1 string mismatch >
     Component 1: Attributes: < Component 5: Lengths (3, 1) differ (string compare on first 1) >
     Component 1: Attributes: < Component 5: 1 string mismatch >
     Component 1: Attributes: < Component 6: Modes: character, numeric >
     Component 1: Attributes: < Component 6: target is character, current is numeric >
     Component 1: Attributes: < Component 7: Modes: character, logical >
     ...
    
     [ FAIL 1 | WARN 0 | SKIP 68 | PASS 3757 ]
     Error: Test failures
     Execution halted
Flavor: r-release-linux-x86_64