CRAN Package Check Results for Package cvap

Last updated on 2022-06-26 03:49:58 CEST.

Flavor Version Tinstall Tcheck Ttotal Status Flags
r-devel-linux-x86_64-debian-clang 0.1.1 4.13 40.95 45.08 OK
r-devel-linux-x86_64-debian-gcc 0.1.1 3.06 31.94 35.00 OK
r-devel-linux-x86_64-fedora-clang 0.1.1 64.32 NOTE
r-devel-linux-x86_64-fedora-gcc 0.1.1 62.61 NOTE
r-devel-windows-x86_64 0.1.1 12.00 67.00 79.00 OK
r-patched-linux-x86_64 0.1.1 2.95 40.28 43.23 OK
r-release-linux-x86_64 0.1.1 2.42 39.75 42.17 OK
r-release-macos-arm64 0.1.1 22.00 NOTE
r-release-macos-x86_64 0.1.1 37.00 NOTE
r-release-windows-x86_64 0.1.1 12.00 66.00 78.00 OK
r-oldrel-macos-arm64 0.1.1 26.00 NOTE
r-oldrel-macos-x86_64 0.1.1 34.00 NOTE
r-oldrel-windows-ix86+x86_64 0.1.1 10.00 64.00 74.00 OK

Check Details

Version: 0.1.1
Check: dependencies in R code
Result: NOTE
    Namespace in Imports field not imported from: ‘purrr’
     All declared Imports should be used.
Flavors: r-devel-linux-x86_64-fedora-clang, r-devel-linux-x86_64-fedora-gcc, r-release-macos-arm64, r-release-macos-x86_64, r-oldrel-macos-arm64, r-oldrel-macos-x86_64