CRAN Package Check Results for Package cvTools

Last updated on 2021-12-07 03:53:39 CET.

Flavor Version Tinstall Tcheck Ttotal Status Flags
r-devel-linux-x86_64-debian-clang 0.3.2 4.90 127.94 132.84 NOTE
r-devel-linux-x86_64-debian-gcc 0.3.2 4.09 96.57 100.66 NOTE
r-devel-linux-x86_64-fedora-clang 0.3.2 156.67 NOTE
r-devel-linux-x86_64-fedora-gcc 0.3.2 146.05 NOTE
r-devel-windows-x86_64-new-UL 0.3.2 15.00 153.00 168.00 NOTE
r-devel-windows-x86_64-new-TK 0.3.2 NOTE
r-devel-windows-x86_64-old 0.3.2 9.00 146.00 155.00 NOTE
r-patched-linux-x86_64 0.3.2 5.75 114.13 119.88 NOTE
r-release-linux-x86_64 0.3.2 5.06 122.14 127.20 NOTE
r-release-macos-arm64 0.3.2 NOTE
r-release-macos-x86_64 0.3.2 NOTE
r-release-windows-ix86+x86_64 0.3.2 8.00 138.00 146.00 NOTE
r-oldrel-macos-x86_64 0.3.2 NOTE
r-oldrel-windows-ix86+x86_64 0.3.2 23.00 136.00 159.00 NOTE

Check Details

Version: 0.3.2
Check: DESCRIPTION meta-information
Result: NOTE
    Packages listed in more than one of Depends, Imports, Suggests, Enhances:
     'lattice' 'robustbase'
    A package should be listed in only one of these fields.
Flavors: r-devel-linux-x86_64-debian-clang, r-devel-linux-x86_64-debian-gcc, r-devel-linux-x86_64-fedora-clang, r-devel-linux-x86_64-fedora-gcc, r-devel-windows-x86_64-new-UL, r-devel-windows-x86_64-new-TK, r-devel-windows-x86_64-old, r-patched-linux-x86_64, r-release-linux-x86_64, r-release-macos-arm64, r-release-macos-x86_64, r-release-windows-ix86+x86_64, r-oldrel-macos-x86_64, r-oldrel-windows-ix86+x86_64