CRAN Package Check Results for Package cusp

Last updated on 2022-01-23 15:49:03 CET.

Flavor Version Tinstall Tcheck Ttotal Status Flags
r-devel-linux-x86_64-debian-clang 2.3.3 5.04 93.20 98.24 OK
r-devel-linux-x86_64-debian-gcc 2.3.3 4.29 72.70 76.99 OK
r-devel-linux-x86_64-fedora-clang 2.3.3 125.08 NOTE
r-devel-linux-x86_64-fedora-gcc 2.3.3 115.72 NOTE
r-devel-windows-x86_64-new-UL 2.3.3 25.00 180.00 205.00 OK
r-devel-windows-x86_64-new-TK 2.3.3 OK
r-patched-linux-x86_64 2.3.3 5.33 96.54 101.87 OK
r-release-linux-x86_64 2.3.3 4.39 95.77 100.16 OK
r-release-macos-arm64 2.3.3 OK
r-release-macos-x86_64 2.3.3 OK
r-release-windows-ix86+x86_64 2.3.3 11.00 174.00 185.00 OK
r-oldrel-macos-x86_64 2.3.3 OK
r-oldrel-windows-ix86+x86_64 2.3.3 11.00 173.00 184.00 OK

Check Details

Version: 2.3.3
Check: compiled code
Result: NOTE
    File ‘cusp/libs/cusp.so’:
     Found no calls to: ‘R_registerRoutines’, ‘R_useDynamicSymbols’
    
    It is good practice to register native routines and to disable symbol
    search.
    
    See ‘Writing portable packages’ in the ‘Writing R Extensions’ manual.
Flavors: r-devel-linux-x86_64-fedora-clang, r-devel-linux-x86_64-fedora-gcc