CRAN Package Check Results for Package curephEM

Last updated on 2024-07-22 15:57:19 CEST.

Flavor Version Tinstall Tcheck Ttotal Status Flags
r-devel-linux-x86_64-debian-clang 0.3.0 8.65 103.59 112.24 OK
r-devel-linux-x86_64-debian-gcc 0.3.0 6.87 75.52 82.39 NOTE
r-devel-linux-x86_64-fedora-clang 0.3.0 143.84 OK
r-devel-linux-x86_64-fedora-gcc 0.3.0 143.65 OK
r-devel-windows-x86_64 0.3.0 8.00 93.00 101.00 NOTE
r-patched-linux-x86_64 0.3.0 8.01 95.81 103.82 OK
r-release-linux-x86_64 0.3.0 7.23 94.99 102.22 OK
r-release-macos-arm64 0.3.0 47.00 OK
r-release-macos-x86_64 0.3.0 74.00 OK
r-release-windows-x86_64 0.3.0 8.00 94.00 102.00 OK
r-oldrel-macos-arm64 0.3.0 59.00 OK
r-oldrel-macos-x86_64 0.3.0 133.00 OK
r-oldrel-windows-x86_64 0.3.0 11.00 110.00 121.00 OK

Check Details

Version: 0.3.0
Check: Rd cross-references
Result: NOTE Found the following Rd file(s) with Rd \link{} targets missing package anchors: Survcure.Rd: Surv Please provide package anchors for all Rd \link{} targets not in the package itself and the base packages. Flavors: r-devel-linux-x86_64-debian-gcc, r-devel-windows-x86_64