CRAN Package Check Results for Package cubfits

Last updated on 2022-01-20 03:55:26 CET.

Flavor Version Tinstall Tcheck Ttotal Status Flags
r-devel-linux-x86_64-debian-clang 0.1-4 OK
r-devel-linux-x86_64-debian-gcc 0.1-4 9.30 65.26 74.56 OK
r-devel-linux-x86_64-fedora-clang 0.1-4 121.92 OK
r-devel-linux-x86_64-fedora-gcc 0.1-4 108.27 OK
r-devel-windows-x86_64-new-UL 0.1-4 326.00 140.00 466.00 OK
r-devel-windows-x86_64-new-TK 0.1-4 OK
r-patched-linux-x86_64 0.1-4 12.06 83.00 95.06 OK
r-release-linux-x86_64 0.1-4 OK
r-release-macos-arm64 0.1-4 NOTE
r-release-macos-x86_64 0.1-4 NOTE
r-release-windows-ix86+x86_64 0.1-4 25.00 107.00 132.00 OK
r-oldrel-macos-x86_64 0.1-4 NOTE
r-oldrel-windows-ix86+x86_64 0.1-4 24.00 113.00 137.00 OK

Check Details

Version: 0.1-4
Check: package dependencies
Result: NOTE
    Package which this enhances but not available for checking: ‘pbdMPI’
Flavors: r-release-macos-arm64, r-release-macos-x86_64, r-oldrel-macos-x86_64