CRAN Package Check Results for Package ctqr

Last updated on 2022-01-23 15:49:03 CET.

Flavor Version Tinstall Tcheck Ttotal Status Flags
r-devel-linux-x86_64-debian-clang 2.0 11.59 104.28 115.87 OK
r-devel-linux-x86_64-debian-gcc 2.0 9.95 90.95 100.90 OK
r-devel-linux-x86_64-fedora-clang 2.0 144.20 OK
r-devel-linux-x86_64-fedora-gcc 2.0 124.96 OK
r-devel-windows-x86_64-new-UL 2.0 23.00 115.00 138.00 OK
r-devel-windows-x86_64-new-TK 2.0 NOTE
r-patched-linux-x86_64 2.0 12.57 98.99 111.56 OK
r-release-linux-x86_64 2.0 10.57 98.86 109.43 OK
r-release-macos-arm64 2.0 OK
r-release-macos-x86_64 2.0 OK
r-release-windows-ix86+x86_64 2.0 27.00 115.00 142.00 OK
r-oldrel-macos-x86_64 2.0 OK
r-oldrel-windows-ix86+x86_64 2.0 28.00 116.00 144.00 OK

Check Details

Version: 2.0
Check: package dependencies
Result: NOTE
    Package suggested but not available for checking: 'car'
Flavor: r-devel-windows-x86_64-new-TK