CRAN Package Check Results for Package crsuggest

Last updated on 2021-10-24 15:50:59 CEST.

Flavor Version Tinstall Tcheck Ttotal Status Flags
r-devel-linux-x86_64-debian-clang 0.3.1 36.05 244.70 280.75 OK
r-devel-linux-x86_64-debian-gcc 0.3.1 30.91 178.29 209.20 OK
r-devel-linux-x86_64-fedora-clang 0.3.1 343.48 NOTE
r-devel-linux-x86_64-fedora-gcc 0.3.1 334.33 OK
r-devel-windows-x86_64 0.3.1 56.00 269.00 325.00 NOTE
r-devel-windows-x86_64-gcc10-UCRT 0.3.1 OK
r-patched-linux-x86_64 0.3.1 36.58 234.49 271.07 OK
r-patched-solaris-x86 0.3.1 470.90 NOTE
r-release-linux-x86_64 0.3.1 33.62 232.04 265.66 OK
r-release-macos-arm64 0.3.1 NOTE
r-release-macos-x86_64 0.3.1 NOTE
r-release-windows-ix86+x86_64 0.3.1 50.00 271.00 321.00 NOTE
r-oldrel-macos-x86_64 0.3.1 NOTE
r-oldrel-windows-ix86+x86_64 0.3.1 43.00 138.00 181.00 NOTE

Check Details

Version: 0.3.1
Check: installed package size
Result: NOTE
     installed size is 5.8Mb
     sub-directories of 1Mb or more:
     data 5.7Mb
Flavors: r-devel-linux-x86_64-fedora-clang, r-devel-windows-x86_64, r-patched-solaris-x86, r-release-macos-arm64, r-release-macos-x86_64, r-release-windows-ix86+x86_64, r-oldrel-macos-x86_64, r-oldrel-windows-ix86+x86_64