CRAN Package Check Results for Package crsra

Last updated on 2021-11-27 15:50:38 CET.

Flavor Version Tinstall Tcheck Ttotal Status Flags
r-devel-linux-x86_64-debian-clang 0.2.3 OK
r-devel-linux-x86_64-debian-gcc 0.2.3 8.45 79.04 87.49 OK
r-devel-linux-x86_64-fedora-clang 0.2.3 146.08 NOTE
r-devel-linux-x86_64-fedora-gcc 0.2.3 134.99 NOTE
r-devel-windows-x86_64-new-UL 0.2.3 21.00 163.00 184.00 OK
r-devel-windows-x86_64-new-TK 0.2.3 NOTE
r-devel-windows-x86_64-old 0.2.3 14.00 126.00 140.00 OK
r-patched-linux-x86_64 0.2.3 16.32 97.99 114.31 OK
r-patched-solaris-x86 0.2.3 191.60 NOTE
r-release-linux-x86_64 0.2.3 OK
r-release-macos-arm64 0.2.3 NOTE
r-release-macos-x86_64 0.2.3 NOTE
r-release-windows-ix86+x86_64 0.2.3 26.00 97.00 123.00 OK
r-oldrel-macos-x86_64 0.2.3 NOTE
r-oldrel-windows-ix86+x86_64 0.2.3 33.00 119.00 152.00 ERROR

Check Details

Version: 0.2.3
Check: data for non-ASCII characters
Result: NOTE
     Note: found 500 marked UTF-8 strings
Flavors: r-devel-linux-x86_64-fedora-clang, r-devel-linux-x86_64-fedora-gcc, r-devel-windows-x86_64-new-TK, r-patched-solaris-x86, r-release-macos-arm64, r-release-macos-x86_64, r-oldrel-macos-x86_64

Version: 0.2.3
Check: examples
Result: ERROR
    Running examples in 'crsra-Ex.R' failed
    The error most likely occurred in:
    
    > ### Name: crsra_import_course
    > ### Title: Imports all the .csv files into one list consisting of all the
    > ### tables within the course.
    > ### Aliases: crsra_import_course
    >
    > ### ** Examples
    >
    > zip_file = system.file("extdata", "fake_course_7051862327916.zip",
    + package = "crsra")
    > bn = basename(zip_file)
    > bn = sub("[.]zip$", "", bn)
    > res = unzip(zip_file, exdir = tempdir(), overwrite = TRUE)
    Error in unzip(zip_file, exdir = tempdir(), overwrite = TRUE) :
     cannot open file 'D:/temp/RtmpqK2Ub9/fake_course_7051862327916/programming_submission_part_grid_grading_statuses.csv': Invalid argument
    Execution halted
Flavor: r-oldrel-windows-ix86+x86_64