CRAN Package Check Results for Package crqa

Last updated on 2022-01-23 02:56:08 CET.

Flavor Version Tinstall Tcheck Ttotal Status Flags
r-devel-linux-x86_64-debian-clang 2.0.2 11.66 209.27 220.93 OK
r-devel-linux-x86_64-debian-gcc 2.0.2 8.82 145.34 154.16 OK
r-devel-linux-x86_64-fedora-clang 2.0.2 249.97 OK
r-devel-linux-x86_64-fedora-gcc 2.0.2 226.13 OK
r-devel-windows-x86_64-new-UL 2.0.2 31.00 220.00 251.00 OK
r-devel-windows-x86_64-new-TK 2.0.2 ERROR
r-patched-linux-x86_64 2.0.2 11.66 185.24 196.90 OK
r-release-linux-x86_64 2.0.2 10.95 186.77 197.72 OK
r-release-macos-arm64 2.0.2 OK
r-release-macos-x86_64 2.0.2 OK
r-release-windows-ix86+x86_64 2.0.2 25.00 275.00 300.00 OK
r-oldrel-macos-x86_64 2.0.2 OK
r-oldrel-windows-ix86+x86_64 2.0.2 26.00 272.00 298.00 OK

Check Details

Version: 2.0.2
Check: package dependencies
Result: ERROR
    Package required but not available: 'FSA'
    
    See section 'The DESCRIPTION file' in the 'Writing R Extensions'
    manual.
Flavor: r-devel-windows-x86_64-new-TK